CRAN Package Check Results for Package unstruwwel

Last updated on 2024-02-26 08:49:01 CET.

Flavor Version Tinstall Tcheck Ttotal Status Flags
r-devel-linux-x86_64-debian-clang 0.2.0 9.99 63.90 73.89 OK
r-devel-linux-x86_64-debian-gcc 0.2.0 8.88 47.52 56.40 OK
r-devel-linux-x86_64-fedora-clang 0.2.0 90.29 NOTE
r-devel-linux-x86_64-fedora-gcc 0.2.0 86.57 NOTE
r-devel-windows-x86_64 0.2.0 9.00 71.00 80.00 OK
r-patched-linux-x86_64 0.2.0 16.29 60.10 76.39 OK
r-release-linux-x86_64 0.2.0 6.40 59.23 65.63 OK
r-release-macos-arm64 0.2.0 29.00 OK
r-release-macos-x86_64 0.2.0 42.00 OK
r-release-windows-x86_64 0.2.0 12.00 74.00 86.00 OK
r-oldrel-macos-arm64 0.2.0 31.00 NOTE
r-oldrel-windows-x86_64 0.2.0 11.00 79.00 90.00 OK

Check Details

Version: 0.2.0
Check: data for non-ASCII characters
Result: NOTE Note: found 3347 marked UTF-8 strings Flavors: r-devel-linux-x86_64-fedora-clang, r-devel-linux-x86_64-fedora-gcc, r-oldrel-macos-arm64