Last updated on 2024-05-21 16:53:36 CEST.
Flavor | Version | Tinstall | Tcheck | Ttotal | Status | Flags |
---|---|---|---|---|---|---|
r-devel-linux-x86_64-debian-clang | 0.3.0 | 6.61 | 45.18 | 51.79 | OK | |
r-devel-linux-x86_64-debian-gcc | 0.3.0 | 4.88 | 35.44 | 40.32 | OK | |
r-devel-linux-x86_64-fedora-clang | 0.3.0 | 67.33 | NOTE | |||
r-devel-linux-x86_64-fedora-gcc | 0.3.0 | 77.01 | NOTE | |||
r-devel-windows-x86_64 | 0.3.0 | 6.00 | 55.00 | 61.00 | OK | |
r-patched-linux-x86_64 | 0.3.0 | 5.70 | 44.70 | 50.40 | OK | |
r-release-linux-x86_64 | 0.3.0 | 6.36 | 44.22 | 50.58 | OK | |
r-release-macos-arm64 | 0.3.0 | 30.00 | OK | |||
r-release-windows-x86_64 | 0.3.0 | 6.00 | 57.00 | 63.00 | OK | |
r-oldrel-macos-arm64 | 0.3.0 | 35.00 | OK | |||
r-oldrel-macos-x86_64 | 0.3.0 | 53.00 | OK | |||
r-oldrel-windows-x86_64 | 0.3.0 | 7.00 | 59.00 | 66.00 | OK |
Version: 0.3.0
Check: data for non-ASCII characters
Result: NOTE
Note: found 7872 marked UTF-8 strings
Flavors: r-devel-linux-x86_64-fedora-clang, r-devel-linux-x86_64-fedora-gcc