CRAN Package Check Results for Package urltools

Last updated on 2024-02-25 01:01:20 CET.

Flavor Version Tinstall Tcheck Ttotal Status Flags
r-devel-linux-x86_64-debian-clang 1.7.3 80.13 37.26 117.39 NOTE
r-devel-linux-x86_64-debian-gcc 1.7.3 69.64 29.79 99.43 NOTE
r-devel-linux-x86_64-fedora-clang 1.7.3 175.56 NOTE
r-devel-linux-x86_64-fedora-gcc 1.7.3 183.74 NOTE
r-devel-windows-x86_64 1.7.3 63.00 76.00 139.00 OK
r-patched-linux-x86_64 1.7.3 86.34 37.63 123.97 OK
r-release-linux-x86_64 1.7.3 76.28 36.81 113.09 OK
r-release-macos-arm64 1.7.3 50.00 OK
r-release-macos-x86_64 1.7.3 83.00 OK
r-release-windows-x86_64 1.7.3 82.00 85.00 167.00 OK
r-oldrel-macos-arm64 1.7.3 44.00 OK
r-oldrel-windows-x86_64 1.7.3 76.00 83.00 159.00 OK

Check Details

Version: 1.7.3
Check: Rd files
Result: NOTE checkRd: (-1) encoder.Rd:32-37: Lost braces in \itemize; meant \describe ? checkRd: (-1) encoder.Rd:38-44: Lost braces in \itemize; meant \describe ? checkRd: (-1) encoder.Rd:45-48: Lost braces in \itemize; meant \describe ? Flavors: r-devel-linux-x86_64-debian-clang, r-devel-linux-x86_64-debian-gcc

Version: 1.7.3
Check: Rd cross-references
Result: NOTE Undeclared package ‘httr’ in Rd xrefs Flavor: r-devel-linux-x86_64-fedora-clang

Version: 1.7.3
Check: data for non-ASCII characters
Result: NOTE Note: found 488 marked UTF-8 strings Flavors: r-devel-linux-x86_64-fedora-clang, r-devel-linux-x86_64-fedora-gcc