CRAN Package Check Results for Package us.census.geoheader

Last updated on 2024-02-22 00:58:45 CET.

Flavor Version Tinstall Tcheck Ttotal Status Flags
r-devel-linux-x86_64-debian-clang 1.0.2 NOTE
r-devel-linux-x86_64-debian-gcc 1.0.2 1.55 18.75 20.30 NOTE
r-devel-linux-x86_64-fedora-clang 1.0.2 33.37 NOTE
r-devel-linux-x86_64-fedora-gcc 1.0.2 43.14 NOTE
r-devel-windows-x86_64 1.0.2 3.00 41.00 44.00 NOTE
r-patched-linux-x86_64 1.0.2 2.37 23.50 25.87 NOTE
r-release-linux-x86_64 1.0.2 1.75 23.63 25.38 NOTE
r-release-macos-arm64 1.0.2 21.00 NOTE
r-release-macos-x86_64 1.0.2 29.00 NOTE
r-release-windows-x86_64 1.0.2 4.00 41.00 45.00 NOTE
r-oldrel-macos-arm64 1.0.2 14.00 NOTE
r-oldrel-windows-x86_64 1.0.2 4.00 46.00 50.00 NOTE

Check Details

Version: 1.0.2
Check: LazyData
Result: NOTE 'LazyData' is specified without a 'data' directory Flavors: r-devel-linux-x86_64-debian-clang, r-devel-linux-x86_64-debian-gcc, r-devel-linux-x86_64-fedora-clang, r-devel-linux-x86_64-fedora-gcc, r-devel-windows-x86_64, r-patched-linux-x86_64, r-release-linux-x86_64, r-release-macos-arm64, r-release-macos-x86_64, r-release-windows-x86_64, r-oldrel-macos-arm64, r-oldrel-windows-x86_64