CRAN Package Check Results for Package usethis

Last updated on 2024-02-21 00:54:44 CET.

Flavor Version Tinstall Tcheck Ttotal Status Flags
r-devel-linux-x86_64-debian-clang 2.2.2 NOTE
r-devel-linux-x86_64-debian-gcc 2.2.2 10.88 120.59 131.47 NOTE
r-devel-linux-x86_64-fedora-clang 2.2.3 230.55 NOTE
r-devel-linux-x86_64-fedora-gcc 2.2.3 219.36 OK
r-devel-windows-x86_64 2.2.2 12.00 189.00 201.00 NOTE
r-patched-linux-x86_64 2.2.2 13.66 156.68 170.34 OK
r-release-linux-x86_64 2.2.2 11.98 157.32 169.30 OK
r-release-macos-arm64 2.2.3 61.00 OK
r-release-macos-x86_64 2.2.3 115.00 OK
r-release-windows-x86_64 2.2.3 20.00 155.00 175.00 OK
r-oldrel-macos-arm64 2.2.3 61.00 OK
r-oldrel-windows-x86_64 2.2.2 16.00 520.00 536.00 OK

Check Details

Version: 2.2.2
Check: Rd files
Result: NOTE checkRd: (-1) licenses.Rd:35: Lost braces; missing escapes or markup? 35 | defaults to "{package name} authors"; you should only change this if you | ^ checkRd: (-1) tidyverse.Rd:54: Lost braces; missing escapes or markup? 54 | defaults to "{package name} authors"; you should only change this if you | ^ Flavors: r-devel-linux-x86_64-debian-clang, r-devel-linux-x86_64-debian-gcc

Version: 2.2.2
Check: Rd \usage sections
Result: NOTE Documented arguments not in \usage in Rd file 'use_course_details.Rd': ‘destdir’ ‘zipfile’ Documented arguments not in \usage in Rd file 'write-this.Rd': ‘contents’ Functions with \usage entries need to have the appropriate \alias entries, and all their arguments documented. The \usage entries must correspond to syntactically valid R code. See chapter ‘Writing R documentation files’ in the ‘Writing R Extensions’ manual. Flavors: r-devel-linux-x86_64-debian-clang, r-devel-linux-x86_64-debian-gcc, r-devel-windows-x86_64

Version: 2.2.3
Check: Rd cross-references
Result: NOTE Undeclared package ‘devtools’ in Rd xrefs Flavor: r-devel-linux-x86_64-fedora-clang