Last updated on 2023-11-29 09:08:58 CET.
Flavor | Version | Tinstall | Tcheck | Ttotal | Status | Flags |
---|---|---|---|---|---|---|
r-devel-linux-x86_64-debian-clang | 0.6.3 | 2.79 | 87.63 | 90.42 | OK | |
r-devel-linux-x86_64-debian-gcc | 0.6.3 | 2.85 | 65.67 | 68.52 | OK | |
r-devel-linux-x86_64-fedora-clang | 0.6.3 | 109.55 | NOTE | |||
r-devel-linux-x86_64-fedora-gcc | 0.6.3 | 116.72 | NOTE | |||
r-devel-windows-x86_64 | 0.6.3 | 5.00 | 96.00 | 101.00 | OK | |
r-patched-linux-x86_64 | 0.6.3 | 3.80 | 83.31 | 87.11 | OK | |
r-release-linux-x86_64 | 0.6.3 | 3.47 | 82.69 | 86.16 | OK | |
r-release-macos-arm64 | 0.6.3 | 52.00 | OK | |||
r-release-macos-x86_64 | 0.6.3 | 116.00 | OK | |||
r-release-windows-x86_64 | 0.6.3 | 6.00 | 109.00 | 115.00 | OK | |
r-oldrel-macos-arm64 | 0.6.3 | 47.00 | OK | |||
r-oldrel-macos-x86_64 | 0.6.3 | 59.00 | OK | |||
r-oldrel-windows-x86_64 | 0.6.3 | 6.00 | 105.00 | 111.00 | OK |
Version: 0.6.3
Check: data for non-ASCII characters
Result: NOTE
Note: found 1 marked UTF-8 string
Flavors: r-devel-linux-x86_64-fedora-clang, r-devel-linux-x86_64-fedora-gcc