CRAN Package Check Results for Package usmapdata

Last updated on 2024-07-16 16:53:04 CEST.

Flavor Version Tinstall Tcheck Ttotal Status Flags
r-devel-linux-x86_64-debian-clang 0.3.0 2.99 36.75 39.74 OK
r-devel-linux-x86_64-debian-gcc 0.3.0 2.27 27.25 29.52 OK
r-devel-linux-x86_64-fedora-clang 0.3.0 48.43 NOTE
r-devel-linux-x86_64-fedora-gcc 0.3.0 44.41 OK
r-devel-windows-x86_64 0.3.0 4.00 49.00 53.00 OK
r-patched-linux-x86_64 0.3.0 3.02 34.34 37.36 OK
r-release-linux-x86_64 0.3.0 2.82 34.51 37.33 OK
r-release-macos-arm64 0.3.0 20.00 OK
r-release-macos-x86_64 0.3.0 31.00 OK
r-release-windows-x86_64 0.3.0 4.00 48.00 52.00 OK
r-oldrel-macos-arm64 0.3.0 24.00 OK
r-oldrel-macos-x86_64 0.3.0 42.00 OK
r-oldrel-windows-x86_64 0.3.0 5.00 53.00 58.00 OK

Check Details

Version: 0.3.0
Check: Rd cross-references
Result: NOTE Undeclared package ‘usmap’ in Rd xrefs Flavor: r-devel-linux-x86_64-fedora-clang