CRAN Package Check Results for Package utiml

Last updated on 2024-02-23 16:53:34 CET.

Flavor Version Tinstall Tcheck Ttotal Status Flags
r-devel-linux-x86_64-debian-clang 0.1.7 NOTE
r-devel-linux-x86_64-debian-gcc 0.1.7 8.36 105.43 113.79 NOTE
r-devel-linux-x86_64-fedora-clang 0.1.7 194.24 NOTE
r-devel-linux-x86_64-fedora-gcc 0.1.7 203.91 NOTE
r-devel-windows-x86_64 0.1.7 12.00 141.00 153.00 OK
r-patched-linux-x86_64 0.1.7 16.05 138.57 154.62 OK
r-release-linux-x86_64 0.1.7 10.01 138.65 148.66 OK
r-release-macos-arm64 0.1.7 58.00 OK
r-release-macos-x86_64 0.1.7 103.00 OK
r-release-windows-x86_64 0.1.7 16.00 171.00 187.00 OK
r-oldrel-macos-arm64 0.1.7 49.00 OK
r-oldrel-windows-x86_64 0.1.7 15.00 150.00 165.00 OK

Check Details

Version: 0.1.7
Check: Rd files
Result: NOTE checkRd: (-1) partition_fold.Rd:21-22: Lost braces 21 | \code{train}{The mldr dataset with train examples, that includes all | ^ checkRd: (-1) partition_fold.Rd:23-24: Lost braces 23 | \code{test}{The mldr dataset with test examples, defined by the | ^ checkRd: (-1) partition_fold.Rd:25-26: Lost braces 25 | \code{validation}{Optionally, only if \code{has.validation = TRUE}. | ^ Flavors: r-devel-linux-x86_64-debian-clang, r-devel-linux-x86_64-debian-gcc, r-devel-linux-x86_64-fedora-clang, r-devel-linux-x86_64-fedora-gcc