CRAN Package Check Results for Package uwot

Last updated on 2024-02-28 08:54:46 CET.

Flavor Version Tinstall Tcheck Ttotal Status Flags
r-devel-linux-x86_64-debian-clang 0.1.16 118.41 219.81 338.22 OK
r-devel-linux-x86_64-debian-gcc 0.1.16 103.56 179.40 282.96 OK
r-devel-linux-x86_64-fedora-clang 0.1.16 413.62 OK
r-devel-linux-x86_64-fedora-gcc 0.1.16 448.39 OK
r-devel-windows-x86_64 0.1.16 91.00 221.00 312.00 OK
r-patched-linux-x86_64 0.1.16 124.55 207.14 331.69 OK
r-release-linux-x86_64 0.1.16 118.95 214.08 333.03 OK
r-release-macos-arm64 0.1.16 127.00 NOTE
r-release-macos-x86_64 0.1.16 277.00 NOTE
r-release-windows-x86_64 0.1.16 118.00 277.00 395.00 OK
r-oldrel-macos-arm64 0.1.16 121.00 NOTE
r-oldrel-windows-x86_64 0.1.16 108.00 279.00 387.00 OK

Check Details

Version: 0.1.16
Check: installed package size
Result: NOTE installed size is 18.7Mb sub-directories of 1Mb or more: libs 18.1Mb Flavors: r-release-macos-arm64, r-release-macos-x86_64, r-oldrel-macos-arm64