CRAN Package Check Results for Package vICC

Last updated on 2024-02-22 08:54:24 CET.

Flavor Version Tinstall Tcheck Ttotal Status Flags
r-devel-linux-x86_64-debian-clang 1.0.0 OK
r-devel-linux-x86_64-debian-gcc 1.0.0 5.15 42.90 48.05 OK
r-devel-linux-x86_64-fedora-clang 1.0.0 74.60 NOTE
r-devel-linux-x86_64-fedora-gcc 1.0.0 73.31 NOTE
r-devel-windows-x86_64 1.0.0 7.00 63.00 70.00 OK
r-patched-linux-x86_64 1.0.0 6.27 53.17 59.44 OK
r-release-linux-x86_64 1.0.0 5.85 52.85 58.70 OK
r-release-macos-arm64 1.0.0 27.00 OK
r-release-macos-x86_64 1.0.0 39.00 OK
r-release-windows-x86_64 1.0.0 8.00 69.00 77.00 OK
r-oldrel-macos-arm64 1.0.0 33.00 NOTE
r-oldrel-windows-x86_64 1.0.0 10.00 73.00 83.00 OK

Check Details

Version: 1.0.0
Check: dependencies in R code
Result: NOTE Namespace in Imports field not imported from: ‘Rdpack’ All declared Imports should be used. Flavors: r-devel-linux-x86_64-fedora-clang, r-devel-linux-x86_64-fedora-gcc, r-oldrel-macos-arm64