CRAN Package Check Results for Package vaersNDvax

Last updated on 2024-02-22 16:49:32 CET.

Flavor Version Tinstall Tcheck Ttotal Status Flags
r-devel-linux-x86_64-debian-clang 1.0.4 NOTE
r-devel-linux-x86_64-debian-gcc 1.0.4 2.28 17.83 20.11 NOTE
r-devel-linux-x86_64-fedora-clang 1.0.4 33.25 NOTE
r-devel-linux-x86_64-fedora-gcc 1.0.4 32.36 NOTE
r-devel-windows-x86_64 1.0.4 3.00 44.00 47.00 NOTE
r-patched-linux-x86_64 1.0.4 2.96 22.92 25.88 NOTE
r-release-linux-x86_64 1.0.4 2.68 22.25 24.93 NOTE
r-release-macos-arm64 1.0.4 20.00 NOTE
r-release-macos-x86_64 1.0.4 23.00 NOTE
r-release-windows-x86_64 1.0.4 4.00 43.00 47.00 NOTE
r-oldrel-macos-arm64 1.0.4 17.00 NOTE
r-oldrel-windows-x86_64 1.0.4 6.00 47.00 53.00 NOTE

Check Details

Version: 1.0.4
Check: package dependencies
Result: NOTE Packages suggested but not available for checking: 'vaers', 'vaersND' Flavors: r-devel-linux-x86_64-debian-clang, r-devel-linux-x86_64-debian-gcc, r-devel-linux-x86_64-fedora-clang, r-devel-linux-x86_64-fedora-gcc, r-devel-windows-x86_64, r-patched-linux-x86_64, r-release-linux-x86_64, r-release-macos-arm64, r-release-macos-x86_64, r-release-windows-x86_64, r-oldrel-macos-arm64, r-oldrel-windows-x86_64