CRAN Package Check Results for Package vaersvax

Last updated on 2024-02-26 08:49:01 CET.

Flavor Version Tinstall Tcheck Ttotal Status Flags
r-devel-linux-x86_64-debian-clang 1.0.5 1.91 21.30 23.21 NOTE
r-devel-linux-x86_64-debian-gcc 1.0.5 1.51 17.21 18.72 NOTE
r-devel-linux-x86_64-fedora-clang 1.0.5 31.59 NOTE
r-devel-linux-x86_64-fedora-gcc 1.0.5 29.75 NOTE
r-devel-windows-x86_64 1.0.5 3.00 42.00 45.00 NOTE
r-patched-linux-x86_64 1.0.5 1.97 21.51 23.48 NOTE
r-release-linux-x86_64 1.0.5 2.14 21.73 23.87 NOTE
r-release-macos-arm64 1.0.5 18.00 NOTE
r-release-macos-x86_64 1.0.5 20.00 NOTE
r-release-windows-x86_64 1.0.5 3.00 43.00 46.00 NOTE
r-oldrel-macos-arm64 1.0.5 15.00 NOTE
r-oldrel-windows-x86_64 1.0.5 4.00 48.00 52.00 NOTE

Check Details

Version: 1.0.5
Check: package dependencies
Result: NOTE Packages suggested but not available for checking: 'vaers', 'vaersND' Flavors: r-devel-linux-x86_64-debian-clang, r-devel-linux-x86_64-debian-gcc, r-devel-linux-x86_64-fedora-clang, r-devel-linux-x86_64-fedora-gcc, r-devel-windows-x86_64, r-patched-linux-x86_64, r-release-linux-x86_64, r-release-macos-arm64, r-release-macos-x86_64, r-release-windows-x86_64, r-oldrel-macos-arm64, r-oldrel-windows-x86_64