Last updated on 2024-05-21 16:53:36 CEST.
Flavor | Version | Tinstall | Tcheck | Ttotal | Status | Flags |
---|---|---|---|---|---|---|
r-devel-linux-x86_64-debian-clang | 1.0.5 | 1.95 | 21.73 | 23.68 | NOTE | |
r-devel-linux-x86_64-debian-gcc | 1.0.5 | 1.55 | 17.59 | 19.14 | NOTE | |
r-devel-linux-x86_64-fedora-clang | 1.0.5 | 32.34 | NOTE | |||
r-devel-linux-x86_64-fedora-gcc | 1.0.5 | 30.58 | NOTE | |||
r-devel-windows-x86_64 | 1.0.5 | 2.00 | 43.00 | 45.00 | NOTE | |
r-patched-linux-x86_64 | 1.0.5 | 2.16 | 21.57 | 23.73 | NOTE | |
r-release-linux-x86_64 | 1.0.5 | 1.73 | 21.38 | 23.11 | NOTE | |
r-release-macos-arm64 | 1.0.5 | 15.00 | NOTE | |||
r-release-windows-x86_64 | 1.0.5 | 3.00 | 46.00 | 49.00 | NOTE | |
r-oldrel-macos-arm64 | 1.0.5 | 18.00 | NOTE | |||
r-oldrel-macos-x86_64 | 1.0.5 | 20.00 | NOTE | |||
r-oldrel-windows-x86_64 | 1.0.5 | 3.00 | 43.00 | 46.00 | NOTE |
Version: 1.0.5
Check: package dependencies
Result: NOTE
Packages suggested but not available for checking: 'vaers', 'vaersND'
Flavors: r-devel-linux-x86_64-debian-clang, r-devel-linux-x86_64-debian-gcc, r-devel-linux-x86_64-fedora-clang, r-devel-linux-x86_64-fedora-gcc, r-devel-windows-x86_64, r-patched-linux-x86_64, r-release-linux-x86_64, r-release-macos-arm64, r-release-windows-x86_64, r-oldrel-macos-arm64, r-oldrel-macos-x86_64, r-oldrel-windows-x86_64