CRAN Package Check Results for Package vagam

Last updated on 2024-03-03 01:01:00 CET.

Flavor Version Tinstall Tcheck Ttotal Status Flags
r-devel-linux-x86_64-debian-clang 1.1 10.54 94.78 105.32 NOTE
r-devel-linux-x86_64-debian-gcc 1.1 8.89 70.85 79.74 NOTE
r-devel-linux-x86_64-fedora-clang 1.1 129.34 NOTE
r-devel-linux-x86_64-fedora-gcc 1.1 129.47 NOTE
r-devel-windows-x86_64 1.1 10.00 86.00 96.00 OK
r-patched-linux-x86_64 1.1 8.20 91.23 99.43 OK
r-release-linux-x86_64 1.1 7.78 88.40 96.18 OK
r-release-macos-arm64 1.1 43.00 OK
r-release-macos-x86_64 1.1 67.00 OK
r-release-windows-x86_64 1.1 14.00 99.00 113.00 OK
r-oldrel-macos-arm64 1.1 36.00 OK
r-oldrel-windows-x86_64 1.1 14.00 103.00 117.00 OK

Check Details

Version: 1.1
Check: Rd files
Result: NOTE checkRd: (-1) summary.vagam.Rd:23: Lost braces in \itemize; \value handles \item{}{} directly checkRd: (-1) summary.vagam.Rd:24: Lost braces in \itemize; \value handles \item{}{} directly checkRd: (-1) summary.vagam.Rd:25: Lost braces in \itemize; \value handles \item{}{} directly checkRd: (-1) summary.vagam.Rd:26: Lost braces in \itemize; \value handles \item{}{} directly checkRd: (-1) summary.vagam.Rd:27: Lost braces in \itemize; \value handles \item{}{} directly checkRd: (-1) summary.vagam.Rd:28: Lost braces in \itemize; \value handles \item{}{} directly checkRd: (-1) summary.vagam.Rd:29: Lost braces in \itemize; \value handles \item{}{} directly checkRd: (-1) summary.vagam.Rd:30: Lost braces in \itemize; \value handles \item{}{} directly checkRd: (-1) summary.vagam.Rd:31: Lost braces in \itemize; \value handles \item{}{} directly checkRd: (-1) vagam.Rd:32: Lost braces in \itemize; meant \describe ? checkRd: (-1) vagam.Rd:33: Lost braces in \itemize; meant \describe ? checkRd: (-1) vagam.Rd:34: Lost braces in \itemize; meant \describe ? checkRd: (-1) vagam.Rd:62: Lost braces in \itemize; \value handles \item{}{} directly checkRd: (-1) vagam.Rd:63: Lost braces in \itemize; \value handles \item{}{} directly checkRd: (-1) vagam.Rd:64: Lost braces in \itemize; \value handles \item{}{} directly checkRd: (-1) vagam.Rd:65: Lost braces in \itemize; \value handles \item{}{} directly checkRd: (-1) vagam.Rd:66: Lost braces in \itemize; \value handles \item{}{} directly checkRd: (-1) vagam.Rd:67: Lost braces in \itemize; \value handles \item{}{} directly checkRd: (-1) vagam.Rd:68: Lost braces in \itemize; \value handles \item{}{} directly checkRd: (-1) vagam.Rd:69: Lost braces in \itemize; \value handles \item{}{} directly checkRd: (-1) vagam.Rd:70: Lost braces in \itemize; \value handles \item{}{} directly checkRd: (-1) vagam.Rd:71: Lost braces in \itemize; \value handles \item{}{} directly checkRd: (-1) vagam.Rd:72: Lost braces in \itemize; \value handles \item{}{} directly checkRd: (-1) vagam.Rd:73: Lost braces in \itemize; \value handles \item{}{} directly checkRd: (-1) vagam.Rd:74: Lost braces in \itemize; \value handles \item{}{} directly checkRd: (-1) vagam.Rd:75: Lost braces in \itemize; \value handles \item{}{} directly checkRd: (-1) vagam.Rd:76: Lost braces in \itemize; \value handles \item{}{} directly checkRd: (-1) vagam.Rd:77: Lost braces in \itemize; \value handles \item{}{} directly Flavors: r-devel-linux-x86_64-debian-clang, r-devel-linux-x86_64-debian-gcc, r-devel-linux-x86_64-fedora-clang, r-devel-linux-x86_64-fedora-gcc