CRAN Package Check Results for Package validann

Last updated on 2024-02-22 16:49:32 CET.

Flavor Version Tinstall Tcheck Ttotal Status Flags
r-devel-linux-x86_64-debian-clang 1.2.1 NOTE
r-devel-linux-x86_64-debian-gcc 1.2.1 3.01 30.31 33.32 NOTE
r-devel-linux-x86_64-fedora-clang 1.2.1 54.05 NOTE
r-devel-linux-x86_64-fedora-gcc 1.2.1 52.18 NOTE
r-devel-windows-x86_64 1.2.1 4.00 51.00 55.00 OK
r-patched-linux-x86_64 1.2.1 2.96 40.09 43.05 NOTE
r-release-linux-x86_64 1.2.1 3.67 39.09 42.76 NOTE
r-release-macos-arm64 1.2.1 20.00 OK
r-release-macos-x86_64 1.2.1 31.00 OK
r-release-windows-x86_64 1.2.1 5.00 57.00 62.00 OK
r-oldrel-macos-arm64 1.2.1 20.00 OK
r-oldrel-windows-x86_64 1.2.1 6.00 59.00 65.00 OK

Check Details

Version: 1.2.1
Check: for non-standard things in the check directory
Result: NOTE Found the following files/directories: ‘PredValidationPlots.pdf’ ‘RepStructValidationPlots.pdf’ Flavors: r-devel-linux-x86_64-debian-clang, r-devel-linux-x86_64-debian-gcc, r-devel-linux-x86_64-fedora-clang, r-devel-linux-x86_64-fedora-gcc, r-patched-linux-x86_64, r-release-linux-x86_64