Last updated on 2023-10-04 00:58:40 CEST.
Flavor | Version | Tinstall | Tcheck | Ttotal | Status | Flags |
---|---|---|---|---|---|---|
r-devel-linux-x86_64-debian-clang | 1.1.3 | 11.04 | 101.56 | 112.60 | NOTE | |
r-devel-linux-x86_64-debian-gcc | 1.1.3 | 8.80 | 75.97 | 84.77 | NOTE | |
r-devel-linux-x86_64-fedora-clang | 1.1.3 | 138.85 | NOTE | |||
r-devel-linux-x86_64-fedora-gcc | 1.1.3 | 149.36 | NOTE | |||
r-devel-windows-x86_64 | 1.1.3 | 14.00 | 121.00 | 135.00 | NOTE | |
r-patched-linux-x86_64 | 1.1.3 | 15.57 | 98.06 | 113.63 | OK | |
r-release-linux-x86_64 | 1.1.3 | 11.21 | 98.83 | 110.04 | OK | |
r-release-macos-arm64 | 1.1.3 | 48.00 | OK | |||
r-release-macos-x86_64 | 1.1.3 | 81.00 | OK | |||
r-release-windows-x86_64 | 1.1.3 | 14.00 | 139.00 | 153.00 | OK | |
r-oldrel-macos-arm64 | 1.1.3 | 42.00 | OK | |||
r-oldrel-macos-x86_64 | 1.1.3 | 62.00 | OK | |||
r-oldrel-windows-x86_64 | 1.1.3 | 23.00 | 135.00 | 158.00 | OK |
Version: 1.1.3
Check: Rd \usage sections
Result: NOTE
Documented arguments not in \usage in documentation object '.PKGOPT':
‘varlist:’
Functions with \usage entries need to have the appropriate \alias
entries, and all their arguments documented.
The \usage entries must correspond to syntactically valid R code.
See chapter ‘Writing R documentation files’ in the ‘Writing R
Extensions’ manual.
Flavors: r-devel-linux-x86_64-debian-clang, r-devel-linux-x86_64-debian-gcc, r-devel-linux-x86_64-fedora-clang, r-devel-linux-x86_64-fedora-gcc, r-devel-windows-x86_64