Last updated on 2023-09-22 05:53:54 CEST.
Flavor | Version | Tinstall | Tcheck | Ttotal | Status | Flags |
---|---|---|---|---|---|---|
r-devel-linux-x86_64-debian-clang | 0.20.1 | 15.95 | 121.88 | 137.83 | NOTE | |
r-devel-linux-x86_64-debian-gcc | 0.20.1 | 11.79 | 82.29 | 94.08 | NOTE | |
r-devel-linux-x86_64-fedora-clang | 0.20.1 | 151.62 | NOTE | |||
r-devel-linux-x86_64-fedora-gcc | 0.20.1 | 138.26 | NOTE | |||
r-devel-windows-x86_64 | 0.20.1 | 15.00 | 90.00 | 105.00 | NOTE | |
r-patched-linux-x86_64 | 0.20.1 | 17.53 | 105.29 | 122.82 | NOTE | |
r-release-linux-x86_64 | 0.20.1 | 11.06 | 106.02 | 117.08 | NOTE | |
r-release-macos-arm64 | 0.20.1 | 38.00 | NOTE | |||
r-release-macos-x86_64 | 0.20.1 | 68.00 | NOTE | |||
r-release-windows-x86_64 | 0.20.1 | 17.00 | 105.00 | 122.00 | NOTE | |
r-oldrel-macos-arm64 | 0.20.1 | 34.00 | NOTE | |||
r-oldrel-macos-x86_64 | 0.20.1 | 46.00 | NOTE | |||
r-oldrel-windows-x86_64 | 0.20.1 | 17.00 | 94.00 | 111.00 | NOTE |
Version: 0.20.1
Check: package subdirectories
Result: NOTE
Problems with news in ‘NEWS.md’:
No news entries found.
Flavors: r-devel-linux-x86_64-debian-clang, r-devel-linux-x86_64-debian-gcc, r-devel-linux-x86_64-fedora-clang, r-devel-linux-x86_64-fedora-gcc, r-devel-windows-x86_64, r-patched-linux-x86_64, r-release-linux-x86_64, r-release-macos-arm64, r-release-macos-x86_64, r-release-windows-x86_64
Version: 0.20.1
Check: LazyData
Result: NOTE
'LazyData' is specified without a 'data' directory
Flavors: r-devel-linux-x86_64-debian-clang, r-devel-linux-x86_64-debian-gcc, r-devel-linux-x86_64-fedora-clang, r-devel-linux-x86_64-fedora-gcc, r-devel-windows-x86_64, r-patched-linux-x86_64, r-release-linux-x86_64, r-release-macos-arm64, r-release-macos-x86_64, r-release-windows-x86_64, r-oldrel-macos-arm64, r-oldrel-macos-x86_64, r-oldrel-windows-x86_64