CRAN Package Check Results for Package variosig

Last updated on 2024-02-25 16:52:02 CET.

Flavor Version Tinstall Tcheck Ttotal Status Flags
r-devel-linux-x86_64-debian-clang 0.3-1 5.46 56.85 62.31 NOTE
r-devel-linux-x86_64-debian-gcc 0.3-1 3.50 43.63 47.13 NOTE
r-devel-linux-x86_64-fedora-clang 0.3-1 81.22 NOTE
r-devel-linux-x86_64-fedora-gcc 0.3-1 80.52 NOTE
r-devel-windows-x86_64 0.3-1 7.00 66.00 73.00 NOTE
r-patched-linux-x86_64 0.3-1 4.51 55.27 59.78 NOTE
r-release-linux-x86_64 0.3-1 4.07 53.67 57.74 NOTE
r-release-macos-arm64 0.3-1 28.00 NOTE
r-release-macos-x86_64 0.3-1 39.00 NOTE
r-release-windows-x86_64 0.3-1 8.00 72.00 80.00 NOTE
r-oldrel-macos-arm64 0.3-1 23.00 NOTE
r-oldrel-windows-x86_64 0.3-1 9.00 78.00 87.00 NOTE

Check Details

Version: 0.3-1
Check: LazyData
Result: NOTE 'LazyData' is specified without a 'data' directory Flavors: r-devel-linux-x86_64-debian-clang, r-devel-linux-x86_64-debian-gcc, r-devel-linux-x86_64-fedora-clang, r-devel-linux-x86_64-fedora-gcc, r-devel-windows-x86_64, r-patched-linux-x86_64, r-release-linux-x86_64, r-release-macos-arm64, r-release-macos-x86_64, r-release-windows-x86_64, r-oldrel-macos-arm64, r-oldrel-windows-x86_64