Last updated on 2024-05-21 00:57:29 CEST.
Flavor | Version | Tinstall | Tcheck | Ttotal | Status | Flags |
---|---|---|---|---|---|---|
r-devel-linux-x86_64-debian-clang | 1.2 | 4.86 | 38.97 | 43.83 | OK | |
r-devel-linux-x86_64-debian-gcc | 1.2 | 3.27 | 28.41 | 31.68 | OK | |
r-devel-linux-x86_64-fedora-clang | 1.2 | 55.80 | NOTE | |||
r-devel-linux-x86_64-fedora-gcc | 1.2 | 51.42 | OK | |||
r-devel-windows-x86_64 | 1.2 | 5.00 | 51.00 | 56.00 | OK | |
r-patched-linux-x86_64 | 1.2 | 5.90 | 35.73 | 41.63 | OK | |
r-release-linux-x86_64 | 1.2 | 3.07 | 36.86 | 39.93 | OK | |
r-release-macos-arm64 | 1.2 | 21.00 | OK | |||
r-release-macos-x86_64 | 1.2 | 50.00 | OK | |||
r-release-windows-x86_64 | 1.2 | 5.00 | 52.00 | 57.00 | OK | |
r-oldrel-macos-arm64 | 1.2 | 23.00 | OK | |||
r-oldrel-macos-x86_64 | 1.2 | 41.00 | OK | |||
r-oldrel-windows-x86_64 | 1.2 | 6.00 | 54.00 | 60.00 | OK |
Version: 1.2
Check: Rd cross-references
Result: NOTE
Undeclared packages ‘coin’, ‘outliers’, ‘PMCMRplus’, ‘car’ in Rd xrefs
Flavor: r-devel-linux-x86_64-fedora-clang