CRAN Package Check Results for Package vcmeta

Last updated on 2024-03-03 01:01:00 CET.

Flavor Version Tinstall Tcheck Ttotal Status Flags
r-devel-linux-x86_64-debian-clang 1.2.0 11.63 102.54 114.17 NOTE
r-devel-linux-x86_64-debian-gcc 1.2.0 11.43 76.92 88.35 NOTE
r-devel-linux-x86_64-fedora-clang 1.2.0 142.82 NOTE
r-devel-linux-x86_64-fedora-gcc 1.2.0 138.08 NOTE
r-devel-windows-x86_64 1.2.0 13.00 114.00 127.00 OK
r-patched-linux-x86_64 1.2.0 14.83 101.09 115.92 OK
r-release-linux-x86_64 1.2.0 11.14 100.62 111.76 OK
r-release-macos-arm64 1.2.0 38.00 OK
r-release-macos-x86_64 1.2.0 95.00 OK
r-release-windows-x86_64 1.2.0 18.00 136.00 154.00 OK
r-oldrel-macos-arm64 1.2.0 40.00 OK
r-oldrel-windows-x86_64 1.2.0 17.00 120.00 137.00 OK

Check Details

Version: 1.2.0
Check: Rd files
Result: NOTE checkRd: (-1) se.meanratio2.Rd:35: Lost braces 35 | link[vcmeta]{meta.lm.gen} functions in application where compatible | ^ Flavors: r-devel-linux-x86_64-debian-clang, r-devel-linux-x86_64-debian-gcc, r-devel-linux-x86_64-fedora-clang, r-devel-linux-x86_64-fedora-gcc