Last updated on 2023-12-08 08:53:15 CET.
Flavor | Version | Tinstall | Tcheck | Ttotal | Status | Flags |
---|---|---|---|---|---|---|
r-devel-linux-x86_64-debian-clang | 1.2.2 | 25.46 | 92.36 | 117.82 | OK | |
r-devel-linux-x86_64-debian-gcc | 1.2.2 | 20.31 | 71.74 | 92.05 | OK | |
r-devel-linux-x86_64-fedora-clang | 1.2.2 | 146.39 | NOTE | |||
r-devel-linux-x86_64-fedora-gcc | 1.2.2 | 155.68 | OK | |||
r-devel-windows-x86_64 | 1.2.2 | 21.00 | 108.00 | 129.00 | NOTE | |
r-patched-linux-x86_64 | 1.2.2 | 22.89 | 91.75 | 114.64 | OK | |
r-release-linux-x86_64 | 1.2.2 | 21.16 | 90.18 | 111.34 | OK | |
r-release-macos-arm64 | 1.2.2 | 64.00 | NOTE | |||
r-release-macos-x86_64 | 1.2.2 | 131.00 | NOTE | |||
r-release-windows-x86_64 | 1.2.2 | 26.00 | 124.00 | 150.00 | NOTE | |
r-oldrel-macos-arm64 | 1.2.2 | 66.00 | NOTE | |||
r-oldrel-macos-x86_64 | 1.2.2 | 78.00 | NOTE | |||
r-oldrel-windows-x86_64 | 1.2.2 | 26.00 | 118.00 | 144.00 | NOTE |
Version: 1.2.2
Check: installed package size
Result: NOTE
installed size is 8.6Mb
sub-directories of 1Mb or more:
doc 7.5Mb
Flavors: r-devel-linux-x86_64-fedora-clang, r-devel-windows-x86_64, r-release-macos-arm64, r-release-macos-x86_64, r-release-windows-x86_64, r-oldrel-macos-arm64, r-oldrel-macos-x86_64, r-oldrel-windows-x86_64