CRAN Package Check Results for Package vdiffr

Last updated on 2024-02-21 00:54:45 CET.

Flavor Version Tinstall Tcheck Ttotal Status Flags
r-devel-linux-x86_64-debian-clang 1.0.7 NOTE
r-devel-linux-x86_64-debian-gcc 1.0.7 12.66 25.54 38.20 NOTE
r-devel-linux-x86_64-fedora-clang 1.0.7 116.99 NOTE
r-devel-linux-x86_64-fedora-gcc 1.0.7 66.27 NOTE
r-devel-windows-x86_64 1.0.7 19.00 68.00 87.00 NOTE
r-patched-linux-x86_64 1.0.7 14.51 31.45 45.96 NOTE
r-release-linux-x86_64 1.0.7 12.52 31.79 44.31 NOTE
r-release-macos-arm64 1.0.7 49.00 NOTE
r-release-macos-x86_64 1.0.7 123.00 NOTE
r-release-windows-x86_64 1.0.7 23.00 75.00 98.00 NOTE
r-oldrel-macos-arm64 1.0.7 54.00 OK
r-oldrel-windows-x86_64 1.0.7 22.00 72.00 94.00 OK

Check Details

Version: 1.0.7
Check: C++ specification
Result: NOTE Specified C++11: please drop specification unless essential Flavors: r-devel-linux-x86_64-debian-clang, r-devel-linux-x86_64-debian-gcc, r-devel-linux-x86_64-fedora-clang, r-devel-linux-x86_64-fedora-gcc, r-devel-windows-x86_64, r-patched-linux-x86_64, r-release-linux-x86_64, r-release-macos-arm64, r-release-macos-x86_64, r-release-windows-x86_64