CRAN Package Check Results for Package velociraptr

Last updated on 2024-03-01 08:53:15 CET.

Flavor Version Tinstall Tcheck Ttotal Status Flags
r-devel-linux-x86_64-debian-clang 1.1.0 2.50 24.21 26.71 NOTE
r-devel-linux-x86_64-debian-gcc 1.1.0 1.77 18.84 20.61 NOTE
r-devel-linux-x86_64-fedora-clang 1.1.0 32.70 NOTE
r-devel-linux-x86_64-fedora-gcc 1.1.0 31.70 NOTE
r-devel-windows-x86_64 1.1.0 3.00 42.00 45.00 NOTE
r-patched-linux-x86_64 1.1.0 2.26 23.96 26.22 NOTE
r-release-linux-x86_64 1.1.0 2.33 23.81 26.14 NOTE
r-release-macos-arm64 1.1.0 17.00 NOTE
r-release-macos-x86_64 1.1.0 21.00 NOTE
r-release-windows-x86_64 1.1.0 4.00 43.00 47.00 NOTE
r-oldrel-macos-arm64 1.1.0 18.00 NOTE
r-oldrel-windows-x86_64 1.1.0 4.00 47.00 51.00 NOTE

Check Details

Version: 1.1.0
Check: Rd files
Result: NOTE checkRd: (-1) additiveBeta.Rd:40: Lost braces in \itemize; meant \describe ? checkRd: (-1) additiveBeta.Rd:41: Lost braces in \itemize; meant \describe ? checkRd: (-1) additiveBeta.Rd:43: Lost braces in \itemize; meant \describe ? checkRd: (-1) additiveBeta.Rd:44: Lost braces in \itemize; meant \describe ? checkRd: (-1) additiveBeta.Rd:45: Lost braces in \itemize; meant \describe ? checkRd: (-1) additiveBeta.Rd:47: Lost braces in \itemize; meant \describe ? checkRd: (-1) downloadPBDB.Rd:27: Lost braces in \itemize; meant \describe ? checkRd: (-1) downloadPBDB.Rd:28: Lost braces in \itemize; meant \describe ? checkRd: (-1) downloadPBDB.Rd:29: Lost braces in \itemize; meant \describe ? checkRd: (-1) downloadPBDB.Rd:30: Lost braces in \itemize; meant \describe ? checkRd: (-1) downloadPBDB.Rd:31: Lost braces in \itemize; meant \describe ? checkRd: (-1) downloadPBDB.Rd:32: Lost braces in \itemize; meant \describe ? checkRd: (-1) downloadPBDB.Rd:33: Lost braces in \itemize; meant \describe ? checkRd: (-1) downloadPBDB.Rd:34: Lost braces in \itemize; meant \describe ? checkRd: (-1) multiplicativeBeta.Rd:31: Lost braces in \itemize; meant \describe ? checkRd: (-1) multiplicativeBeta.Rd:32: Lost braces in \itemize; meant \describe ? checkRd: (-1) multiplicativeBeta.Rd:33: Lost braces in \itemize; meant \describe ? Flavors: r-devel-linux-x86_64-debian-clang, r-devel-linux-x86_64-debian-gcc, r-devel-linux-x86_64-fedora-clang, r-devel-linux-x86_64-fedora-gcc

Version: 1.1.0
Check: LazyData
Result: NOTE 'LazyData' is specified without a 'data' directory Flavors: r-devel-linux-x86_64-debian-clang, r-devel-linux-x86_64-debian-gcc, r-devel-linux-x86_64-fedora-clang, r-devel-linux-x86_64-fedora-gcc, r-devel-windows-x86_64, r-patched-linux-x86_64, r-release-linux-x86_64, r-release-macos-arm64, r-release-macos-x86_64, r-release-windows-x86_64, r-oldrel-macos-arm64, r-oldrel-windows-x86_64