CRAN Package Check Results for Package verification

Last updated on 2024-03-02 16:55:01 CET.

Flavor Version Tinstall Tcheck Ttotal Status Flags
r-devel-linux-x86_64-debian-clang 1.42 11.45 81.58 93.03 NOTE
r-devel-linux-x86_64-debian-gcc 1.42 7.81 59.89 67.70 NOTE
r-devel-linux-x86_64-fedora-clang 1.42 109.30 NOTE
r-devel-linux-x86_64-fedora-gcc 1.42 110.78 NOTE
r-devel-windows-x86_64 1.42 9.00 86.00 95.00 NOTE
r-patched-linux-x86_64 1.42 14.79 79.59 94.38 NOTE
r-release-linux-x86_64 1.42 9.16 79.30 88.46 NOTE
r-release-macos-arm64 1.42 38.00 NOTE
r-release-macos-x86_64 1.42 64.00 NOTE
r-release-windows-x86_64 1.42 11.00 100.00 111.00 NOTE
r-oldrel-macos-arm64 1.42 39.00 OK
r-oldrel-windows-x86_64 1.42 12.00 102.00 114.00 OK

Check Details

Version: 1.42
Check: Rd files
Result: NOTE checkRd: (-1) predcomp.test.Rd:51: Lost braces; missing escapes or markup? 51 | S = dbar/sqrt(2*pi*se_{d}(0)/N), | ^ checkRd: (-1) predcomp.test.Rd:53: Lost braces; missing escapes or markup? 53 | where d is the loss differential, d = e1 - e2 (e1 = loss(x, xhat1) and e2 = loss(x, xhat2)), dbar is its sample mean, and se_{d}(0) is the standard error for d, which must be estimated, and N is the length of the series investigated. Let V = 2*pi*se_{d}(0), then V is estimated by | ^ checkRd: (-1) predcomp.test.Rd:53: Lost braces; missing escapes or markup? 53 | where d is the loss differential, d = e1 - e2 (e1 = loss(x, xhat1) and e2 = loss(x, xhat2)), dbar is its sample mean, and se_{d}(0) is the standard error for d, which must be estimated, and N is the length of the series investigated. Let V = 2*pi*se_{d}(0), then V is estimated by | ^ checkRd: (-1) value.Rd:32: Escaped LaTeX specials: \$ \$ Flavors: r-devel-linux-x86_64-debian-clang, r-devel-linux-x86_64-debian-gcc, r-devel-linux-x86_64-fedora-clang, r-devel-linux-x86_64-fedora-gcc

Version: 1.42
Check: Rd files
Result: NOTE checkRd: (-1) value.Rd:32: Escaped LaTeX specials: \$ \$ Flavors: r-devel-windows-x86_64, r-patched-linux-x86_64, r-release-linux-x86_64, r-release-macos-arm64, r-release-macos-x86_64, r-release-windows-x86_64