CRAN Package Check Results for Package villager

Last updated on 2024-02-23 16:53:34 CET.

Flavor Version Tinstall Tcheck Ttotal Status Flags
r-devel-linux-x86_64-debian-clang 1.1.1 OK
r-devel-linux-x86_64-debian-gcc 1.1.1 7.54 102.03 109.57 OK
r-devel-linux-x86_64-fedora-clang 1.1.1 168.81 NOTE
r-devel-linux-x86_64-fedora-gcc 1.1.1 187.42 NOTE
r-devel-windows-x86_64 1.1.1 8.00 123.00 131.00 OK
r-patched-linux-x86_64 1.1.1 7.49 129.73 137.22 OK
r-release-linux-x86_64 1.1.1 5.71 128.29 134.00 OK
r-release-macos-arm64 1.1.1 88.00 OK
r-release-macos-x86_64 1.1.1 95.00 OK
r-release-windows-x86_64 1.1.1 11.00 151.00 162.00 OK
r-oldrel-macos-arm64 1.1.1 66.00 NOTE
r-oldrel-windows-x86_64 1.1.1 11.00 148.00 159.00 OK

Check Details

Version: 1.1.1
Check: dependencies in R code
Result: NOTE Namespaces in Imports field not imported from: ‘R6’ ‘readr’ ‘uuid’ All declared Imports should be used. Flavors: r-devel-linux-x86_64-fedora-clang, r-devel-linux-x86_64-fedora-gcc, r-oldrel-macos-arm64