Last updated on 2024-05-21 00:57:29 CEST.
Flavor | Version | Tinstall | Tcheck | Ttotal | Status | Flags |
---|---|---|---|---|---|---|
r-devel-linux-x86_64-debian-clang | 0.8.1 | 6.52 | 100.91 | 107.43 | OK | |
r-devel-linux-x86_64-debian-gcc | 0.8.1 | 6.87 | 76.14 | 83.01 | OK | |
r-devel-linux-x86_64-fedora-clang | 0.8.1 | 141.53 | NOTE | |||
r-devel-linux-x86_64-fedora-gcc | 0.8.1 | 143.71 | NOTE | |||
r-devel-windows-x86_64 | 0.8.1 | 7.00 | 88.00 | 95.00 | OK | |
r-patched-linux-x86_64 | 0.8.1 | 7.41 | 94.73 | 102.14 | OK | |
r-release-linux-x86_64 | 0.8.1 | 6.36 | 94.52 | 100.88 | OK | |
r-release-macos-arm64 | 0.8.1 | 42.00 | OK | |||
r-release-windows-x86_64 | 0.8.1 | 7.00 | 84.00 | 91.00 | OK | |
r-oldrel-macos-arm64 | 0.8.1 | 47.00 | OK | |||
r-oldrel-macos-x86_64 | 0.8.1 | 75.00 | OK | |||
r-oldrel-windows-x86_64 | 0.8.1 | 10.00 | 99.00 | 109.00 | OK |
Version: 0.8.1
Check: dependencies in R code
Result: NOTE
Namespace in Imports field not imported from: ‘rpart’
All declared Imports should be used.
Flavors: r-devel-linux-x86_64-fedora-clang, r-devel-linux-x86_64-fedora-gcc