CRAN Package Check Results for Package vivaldi

Last updated on 2024-03-03 01:01:00 CET.

Flavor Version Tinstall Tcheck Ttotal Status Flags
r-devel-linux-x86_64-debian-clang 1.0.1 3.68 105.51 109.19 OK
r-devel-linux-x86_64-debian-gcc 1.0.1 2.35 75.90 78.25 OK
r-devel-linux-x86_64-fedora-clang 1.0.1 128.71 NOTE
r-devel-linux-x86_64-fedora-gcc 1.0.1 129.46 OK
r-devel-windows-x86_64 1.0.1 5.00 95.00 100.00 NOTE
r-patched-linux-x86_64 1.0.1 4.45 99.18 103.63 OK
r-release-linux-x86_64 1.0.1 2.82 99.38 102.20 OK
r-release-macos-arm64 1.0.1 53.00 NOTE
r-release-macos-x86_64 1.0.1 76.00 NOTE
r-release-windows-x86_64 1.0.1 8.00 117.00 125.00 NOTE
r-oldrel-macos-arm64 1.0.1 44.00 NOTE
r-oldrel-windows-x86_64 1.0.1 8.00 117.00 125.00 NOTE

Check Details

Version: 1.0.1
Check: installed package size
Result: NOTE installed size is 6.8Mb sub-directories of 1Mb or more: doc 5.4Mb extdata 1.1Mb Flavors: r-devel-linux-x86_64-fedora-clang, r-devel-windows-x86_64, r-release-macos-arm64, r-release-macos-x86_64, r-release-windows-x86_64, r-oldrel-macos-arm64, r-oldrel-windows-x86_64