CRAN Package Check Results for Package vivaldi

Last updated on 2024-07-13 08:49:25 CEST.

Flavor Version Tinstall Tcheck Ttotal Status Flags
r-devel-linux-x86_64-debian-clang 1.0.1 4.50 122.53 127.03 OK
r-devel-linux-x86_64-debian-gcc 1.0.1 2.88 88.06 90.94 OK
r-devel-linux-x86_64-fedora-clang 1.0.1 158.38 NOTE
r-devel-linux-x86_64-fedora-gcc 1.0.1 160.78 OK
r-devel-windows-x86_64 1.0.1 6.00 101.00 107.00 NOTE
r-patched-linux-x86_64 1.0.1 4.39 118.93 123.32 OK
r-release-linux-x86_64 1.0.1 2.73 116.95 119.68 OK
r-release-macos-arm64 1.0.1 44.00 NOTE
r-release-macos-x86_64 1.0.1 72.00 NOTE
r-release-windows-x86_64 1.0.1 5.00 99.00 104.00 NOTE
r-oldrel-macos-arm64 1.0.1 53.00 NOTE
r-oldrel-macos-x86_64 1.0.1 76.00 NOTE
r-oldrel-windows-x86_64 1.0.1 6.00 118.00 124.00 NOTE

Check Details

Version: 1.0.1
Check: installed package size
Result: NOTE installed size is 6.8Mb sub-directories of 1Mb or more: doc 5.4Mb extdata 1.1Mb Flavors: r-devel-linux-x86_64-fedora-clang, r-devel-windows-x86_64, r-release-macos-arm64, r-release-macos-x86_64, r-release-windows-x86_64, r-oldrel-macos-arm64, r-oldrel-macos-x86_64, r-oldrel-windows-x86_64