Last updated on 2024-05-09 16:48:18 CEST.
Flavor | Version | Tinstall | Tcheck | Ttotal | Status | Flags |
---|---|---|---|---|---|---|
r-devel-linux-x86_64-debian-clang | 0.1.0 | 40.32 | 235.40 | 275.72 | OK | |
r-devel-linux-x86_64-debian-gcc | 0.1.0 | 30.64 | 166.88 | 197.52 | OK | |
r-devel-linux-x86_64-fedora-clang | 0.1.0 | 331.16 | NOTE | |||
r-devel-linux-x86_64-fedora-gcc | 0.1.0 | 380.03 | OK | |||
r-devel-windows-x86_64 | 0.1.0 | 36.00 | 177.00 | 213.00 | OK | |
r-patched-linux-x86_64 | 0.1.0 | 38.80 | 216.61 | 255.41 | OK | |
r-release-linux-x86_64 | 0.1.0 | 31.31 | 221.03 | 252.34 | OK | |
r-release-macos-arm64 | 0.1.0 | 93.00 | OK | |||
r-release-windows-x86_64 | 0.1.0 | 33.00 | 175.00 | 208.00 | OK | |
r-oldrel-macos-arm64 | 0.1.0 | 107.00 | OK | |||
r-oldrel-macos-x86_64 | 0.1.0 | 173.00 | OK | |||
r-oldrel-windows-x86_64 | 0.1.0 | 44.00 | 222.00 | 266.00 | OK |
Version: 0.1.0
Check: package dependencies
Result: NOTE
Imports includes 25 non-default packages.
Importing from so many packages makes the package vulnerable to any of
them becoming unavailable. Move as many as possible to Suggests and
use conditionally.
Flavor: r-devel-linux-x86_64-fedora-clang