CRAN Package Check Results for Package vsd

Last updated on 2024-02-24 16:48:38 CET.

Flavor Version Tinstall Tcheck Ttotal Status Flags
r-devel-linux-x86_64-debian-clang 0.1.0 10.78 98.04 108.82 OK
r-devel-linux-x86_64-debian-gcc 0.1.0 8.84 72.68 81.52 OK
r-devel-linux-x86_64-fedora-clang 0.1.0 127.84 NOTE
r-devel-linux-x86_64-fedora-gcc 0.1.0 125.08 NOTE
r-devel-windows-x86_64 0.1.0 11.00 92.00 103.00 OK
r-patched-linux-x86_64 0.1.0 17.57 93.94 111.51 OK
r-release-linux-x86_64 0.1.0 9.80 94.35 104.15 OK
r-release-macos-arm64 0.1.0 45.00 OK
r-release-macos-x86_64 0.1.0 67.00 OK
r-release-windows-x86_64 0.1.0 14.00 104.00 118.00 OK
r-oldrel-macos-arm64 0.1.0 38.00 NOTE
r-oldrel-windows-x86_64 0.1.0 13.00 100.00 113.00 OK

Check Details

Version: 0.1.0
Check: dependencies in R code
Result: NOTE Namespace in Imports field not imported from: ‘flexsurv’ All declared Imports should be used. Flavors: r-devel-linux-x86_64-fedora-clang, r-devel-linux-x86_64-fedora-gcc, r-oldrel-macos-arm64