CRAN Package Check Results for Package warabandi

Last updated on 2024-02-22 08:54:24 CET.

Flavor Version Tinstall Tcheck Ttotal Status Flags
r-devel-linux-x86_64-debian-clang 0.1.0 OK
r-devel-linux-x86_64-debian-gcc 0.1.0 1.99 24.08 26.07 OK
r-devel-linux-x86_64-fedora-clang 0.1.0 41.67 NOTE
r-devel-linux-x86_64-fedora-gcc 0.1.0 54.29 NOTE
r-devel-windows-x86_64 0.1.0 4.00 45.00 49.00 OK
r-patched-linux-x86_64 0.1.0 2.64 29.39 32.03 OK
r-release-linux-x86_64 0.1.0 2.11 29.65 31.76 OK
r-release-macos-arm64 0.1.0 25.00 OK
r-release-macos-x86_64 0.1.0 37.00 OK
r-release-windows-x86_64 0.1.0 4.00 47.00 51.00 OK
r-oldrel-macos-arm64 0.1.0 19.00 NOTE
r-oldrel-windows-x86_64 0.1.0 5.00 52.00 57.00 OK

Check Details

Version: 0.1.0
Check: dependencies in R code
Result: NOTE Namespace in Imports field not imported from: ‘flextable’ All declared Imports should be used. Flavors: r-devel-linux-x86_64-fedora-clang, r-devel-linux-x86_64-fedora-gcc, r-oldrel-macos-arm64