CRAN Package Check Results for Package washi

Last updated on 2024-07-14 00:55:38 CEST.

Flavor Version Tinstall Tcheck Ttotal Status Flags
r-devel-linux-x86_64-debian-clang 0.2.0 5.20 58.08 63.28 OK
r-devel-linux-x86_64-debian-gcc 0.2.0 4.85 43.92 48.77 OK
r-devel-linux-x86_64-fedora-clang 0.2.0 80.37 NOTE
r-devel-linux-x86_64-fedora-gcc 0.2.0 75.47 OK
r-devel-windows-x86_64 0.2.0 7.00 65.00 72.00 OK
r-patched-linux-x86_64 0.2.0 4.55 54.30 58.85 OK
r-release-linux-x86_64 0.2.0 3.77 55.22 58.99 OK
r-release-macos-arm64 0.2.0 24.00 OK
r-release-macos-x86_64 0.2.0 39.00 OK
r-release-windows-x86_64 0.2.0 7.00 64.00 71.00 OK
r-oldrel-macos-arm64 0.2.0 36.00 OK
r-oldrel-macos-x86_64 0.2.0 52.00 OK
r-oldrel-windows-x86_64 0.2.0 9.00 72.00 81.00 OK

Check Details

Version: 0.2.0
Check: installed package size
Result: NOTE installed size is 5.0Mb sub-directories of 1Mb or more: help 3.9Mb Flavor: r-devel-linux-x86_64-fedora-clang