CRAN Package Check Results for Package wcde

Last updated on 2024-03-03 01:01:01 CET.

Flavor Version Tinstall Tcheck Ttotal Status Flags
r-devel-linux-x86_64-debian-clang 0.0.7 8.56 65.67 74.23 OK
r-devel-linux-x86_64-debian-gcc 0.0.7 9.41 50.94 60.35 OK
r-devel-linux-x86_64-fedora-clang 0.0.7 92.01 NOTE
r-devel-linux-x86_64-fedora-gcc 0.0.7 82.77 NOTE
r-devel-windows-x86_64 0.0.7 12.00 89.00 101.00 OK
r-patched-linux-x86_64 0.0.7 10.14 63.97 74.11 OK
r-release-linux-x86_64 0.0.7 7.25 63.77 71.02 OK
r-release-macos-arm64 0.0.7 164.00 OK
r-release-macos-x86_64 0.0.7 230.00 OK
r-release-windows-x86_64 0.0.7 15.00 96.00 111.00 OK
r-oldrel-macos-arm64 0.0.7 150.00 OK
r-oldrel-windows-x86_64 0.0.7 14.00 105.00 119.00 OK

Check Details

Version: 0.0.7
Check: data for non-ASCII characters
Result: NOTE Note: found 4413 marked UTF-8 strings Flavors: r-devel-linux-x86_64-fedora-clang, r-devel-linux-x86_64-fedora-gcc