CRAN Package Check Results for Package websocket

Last updated on 2024-02-23 16:53:34 CET.

Flavor Version Tinstall Tcheck Ttotal Status Flags
r-devel-linux-x86_64-debian-clang 1.4.1 NOTE
r-devel-linux-x86_64-debian-gcc 1.4.1 72.19 29.71 101.90 NOTE
r-devel-linux-x86_64-fedora-clang 1.4.1 164.83 NOTE
r-devel-linux-x86_64-fedora-gcc 1.4.1 196.54 NOTE
r-devel-windows-x86_64 1.4.1 134.00 129.00 263.00 NOTE
r-patched-linux-x86_64 1.4.1 82.32 36.50 118.82 NOTE
r-release-linux-x86_64 1.4.1 88.07 37.65 125.72 NOTE
r-release-macos-arm64 1.4.1 72.00 NOTE
r-release-macos-x86_64 1.4.1 108.00 NOTE
r-release-windows-x86_64 1.4.1 170.00 156.00 326.00 NOTE
r-oldrel-macos-arm64 1.4.1 67.00 NOTE
r-oldrel-windows-x86_64 1.4.1 165.00 118.00 283.00 NOTE

Check Details

Version: 1.4.1
Check: C++ specification
Result: NOTE Specified C++11: please drop specification unless essential Flavors: r-devel-linux-x86_64-debian-clang, r-devel-linux-x86_64-debian-gcc, r-devel-linux-x86_64-fedora-clang, r-devel-linux-x86_64-fedora-gcc, r-devel-windows-x86_64, r-patched-linux-x86_64, r-release-linux-x86_64, r-release-macos-arm64, r-release-macos-x86_64, r-release-windows-x86_64

Version: 1.4.1
Check: for GNU extensions in Makefiles
Result: NOTE GNU make is a SystemRequirements. Flavors: r-devel-linux-x86_64-debian-clang, r-devel-linux-x86_64-debian-gcc, r-devel-linux-x86_64-fedora-clang, r-devel-linux-x86_64-fedora-gcc, r-devel-windows-x86_64, r-patched-linux-x86_64, r-release-linux-x86_64, r-release-macos-arm64, r-release-macos-x86_64, r-release-windows-x86_64, r-oldrel-macos-arm64, r-oldrel-windows-x86_64

Version: 1.4.1
Check: installed package size
Result: NOTE installed size is 6.8Mb sub-directories of 1Mb or more: libs 6.6Mb Flavors: r-devel-windows-x86_64, r-release-macos-arm64, r-release-macos-x86_64, r-release-windows-x86_64, r-oldrel-macos-arm64, r-oldrel-windows-x86_64