CRAN Package Check Results for Package whitestrap

Last updated on 2024-02-21 00:54:45 CET.

Flavor Version Tinstall Tcheck Ttotal Status Flags
r-devel-linux-x86_64-debian-clang 0.0.1 NOTE
r-devel-linux-x86_64-debian-gcc 0.0.1 1.67 27.12 28.79 NOTE
r-devel-linux-x86_64-fedora-clang 0.0.1 46.51 NOTE
r-devel-linux-x86_64-fedora-gcc 0.0.1 44.25 NOTE
r-devel-windows-x86_64 0.0.1 3.00 48.00 51.00 NOTE
r-patched-linux-x86_64 0.0.1 2.05 35.24 37.29 NOTE
r-release-linux-x86_64 0.0.1 2.19 35.37 37.56 NOTE
r-release-macos-arm64 0.0.1 19.00 NOTE
r-release-macos-x86_64 0.0.1 28.00 NOTE
r-release-windows-x86_64 0.0.1 3.00 53.00 56.00 NOTE
r-oldrel-macos-arm64 0.0.1 24.00 NOTE
r-oldrel-windows-x86_64 0.0.1 6.00 54.00 60.00 NOTE

Check Details

Version: 0.0.1
Check: LazyData
Result: NOTE 'LazyData' is specified without a 'data' directory Flavors: r-devel-linux-x86_64-debian-clang, r-devel-linux-x86_64-debian-gcc, r-devel-linux-x86_64-fedora-clang, r-devel-linux-x86_64-fedora-gcc, r-devel-windows-x86_64, r-patched-linux-x86_64, r-release-linux-x86_64, r-release-macos-arm64, r-release-macos-x86_64, r-release-windows-x86_64, r-oldrel-macos-arm64, r-oldrel-windows-x86_64