Last updated on 2023-11-28 16:48:38 CET.
Flavor | Version | Tinstall | Tcheck | Ttotal | Status | Flags |
---|---|---|---|---|---|---|
r-devel-linux-x86_64-debian-clang | 1.1.1 | 16.67 | 397.47 | 414.14 | OK | |
r-devel-linux-x86_64-debian-gcc | 1.1.1 | 12.02 | 300.35 | 312.37 | OK | |
r-devel-linux-x86_64-fedora-clang | 1.1.1 | 505.69 | NOTE | |||
r-devel-linux-x86_64-fedora-gcc | 1.1.1 | 494.90 | OK | |||
r-devel-windows-x86_64 | 1.1.1 | 13.00 | 292.00 | 305.00 | OK | |
r-patched-linux-x86_64 | 1.1.1 | 11.22 | 383.39 | 394.61 | OK | |
r-release-linux-x86_64 | 1.1.1 | 9.70 | 383.24 | 392.94 | OK | |
r-release-macos-arm64 | 1.1.1 | 226.00 | OK | |||
r-release-macos-x86_64 | 1.1.1 | 348.00 | OK | |||
r-release-windows-x86_64 | 1.1.1 | 18.00 | 370.00 | 388.00 | OK | |
r-oldrel-macos-arm64 | 1.1.1 | 151.00 | OK | |||
r-oldrel-macos-x86_64 | 1.1.1 | 198.00 | OK | |||
r-oldrel-windows-x86_64 | 1.1.1 | 20.00 | 387.00 | 407.00 | OK |
Version: 1.1.1
Check: package dependencies
Result: NOTE
Imports includes 22 non-default packages.
Importing from so many packages makes the package vulnerable to any of
them becoming unavailable. Move as many as possible to Suggests and
use conditionally.
Flavor: r-devel-linux-x86_64-fedora-clang