CRAN Package Check Results for Package wikitaxa

Last updated on 2024-02-23 08:53:48 CET.

Flavor Version Tinstall Tcheck Ttotal Status Flags
r-devel-linux-x86_64-debian-clang 0.4.0 OK
r-devel-linux-x86_64-debian-gcc 0.4.0 2.65 26.62 29.27 OK
r-devel-linux-x86_64-fedora-clang 0.4.0 47.31 NOTE
r-devel-linux-x86_64-fedora-gcc 0.4.0 56.79 OK
r-devel-windows-x86_64 0.4.0 4.00 51.00 55.00 OK
r-patched-linux-x86_64 0.4.0 3.69 33.56 37.25 OK
r-release-linux-x86_64 0.4.0 2.98 33.73 36.71 OK
r-release-macos-arm64 0.4.0 28.00 OK
r-release-macos-x86_64 0.4.0 35.00 OK
r-release-windows-x86_64 0.4.0 6.00 54.00 60.00 OK
r-oldrel-macos-arm64 0.4.0 22.00 OK
r-oldrel-windows-x86_64 0.4.0 6.00 56.00 62.00 OK

Check Details

Version: 0.4.0
Check: Rd cross-references
Result: NOTE Undeclared package ‘httr’ in Rd xrefs Flavor: r-devel-linux-x86_64-fedora-clang