CRAN Package Check Results for Package wilson

Last updated on 2024-02-29 15:54:03 CET.

Flavor Version Tinstall Tcheck Ttotal Status Flags
r-devel-linux-x86_64-debian-clang 2.4.2 11.00 108.72 119.72 OK
r-devel-linux-x86_64-debian-gcc 2.4.2 8.88 80.20 89.08 OK
r-devel-linux-x86_64-fedora-clang 2.4.2 147.29 NOTE
r-devel-linux-x86_64-fedora-gcc 2.4.2 161.72 OK
r-devel-windows-x86_64 2.4.2 12.00 99.00 111.00 OK
r-patched-linux-x86_64 2.4.2 14.08 105.48 119.56 OK
r-release-linux-x86_64 2.4.2 9.79 104.58 114.37 OK
r-release-macos-arm64 2.4.2 50.00 OK
r-release-macos-x86_64 2.4.2 78.00 OK
r-release-windows-x86_64 2.4.2 17.00 118.00 135.00 OK
r-oldrel-macos-arm64 2.4.2 44.00 OK
r-oldrel-windows-x86_64 2.4.2 17.00 115.00 132.00 OK

Check Details

Version: 2.4.2
Check: package dependencies
Result: NOTE Imports includes 31 non-default packages. Importing from so many packages makes the package vulnerable to any of them becoming unavailable. Move as many as possible to Suggests and use conditionally. Flavor: r-devel-linux-x86_64-fedora-clang