CRAN Package Check Results for Package windAC

Last updated on 2024-02-24 16:48:38 CET.

Flavor Version Tinstall Tcheck Ttotal Status Flags
r-devel-linux-x86_64-debian-clang 1.2.10 5.81 78.01 83.82 NOTE
r-devel-linux-x86_64-debian-gcc 1.2.10 5.18 58.70 63.88 NOTE
r-devel-linux-x86_64-fedora-clang 1.2.10 99.97 OK
r-devel-linux-x86_64-fedora-gcc 1.2.10 97.69 OK
r-devel-windows-x86_64 1.2.10 8.00 82.00 90.00 OK
r-patched-linux-x86_64 1.2.10 7.70 76.58 84.28 OK
r-release-linux-x86_64 1.2.10 5.60 75.01 80.61 OK
r-release-macos-arm64 1.2.10 34.00 OK
r-release-macos-x86_64 1.2.10 53.00 OK
r-release-windows-x86_64 1.2.10 10.00 94.00 104.00 OK
r-oldrel-macos-arm64 1.2.10 31.00 OK
r-oldrel-windows-x86_64 1.2.10 10.00 94.00 104.00 OK

Check Details

Version: 1.2.10
Check: Rd files
Result: NOTE checkRd: (-1) secondDerivative.Rd:14: Lost braces 14 | This must be a function of the form FUN <- function(x, ...){...} | ^ checkRd: (-1) windAC.Rd:31: Lost braces in \itemize; meant \describe ? checkRd: (-1) windAC.Rd:32: Lost braces in \itemize; meant \describe ? checkRd: (-1) windAC.Rd:33: Lost braces in \itemize; meant \describe ? Flavors: r-devel-linux-x86_64-debian-clang, r-devel-linux-x86_64-debian-gcc