Last updated on 2024-05-21 00:57:30 CEST.
Flavor | Version | Tinstall | Tcheck | Ttotal | Status | Flags |
---|---|---|---|---|---|---|
r-devel-linux-x86_64-debian-clang | 1.0-1 | 3.22 | 22.79 | 26.01 | NOTE | |
r-devel-linux-x86_64-debian-gcc | 1.0-1 | 1.48 | 17.85 | 19.33 | NOTE | |
r-devel-linux-x86_64-fedora-clang | 1.0-1 | 31.41 | NOTE | |||
r-devel-linux-x86_64-fedora-gcc | 1.0-1 | 30.88 | NOTE | |||
r-devel-windows-x86_64 | 1.0-1 | 3.00 | 45.00 | 48.00 | NOTE | |
r-patched-linux-x86_64 | 1.0-1 | 2.89 | 22.09 | 24.98 | NOTE | |
r-release-linux-x86_64 | 1.0-1 | 2.91 | 22.33 | 25.24 | NOTE | |
r-release-macos-arm64 | 1.0-1 | 15.00 | NOTE | |||
r-release-windows-x86_64 | 1.0-1 | 3.00 | 43.00 | 46.00 | NOTE | |
r-oldrel-macos-arm64 | 1.0-1 | 17.00 | NOTE | |||
r-oldrel-macos-x86_64 | 1.0-1 | 23.00 | NOTE | |||
r-oldrel-windows-x86_64 | 1.0-1 | 4.00 | 43.00 | 47.00 | NOTE |
Version: 1.0-1
Check: DESCRIPTION meta-information
Result: NOTE
Malformed Description field: should contain one or more complete sentences.
Flavors: r-devel-linux-x86_64-debian-clang, r-devel-linux-x86_64-debian-gcc, r-devel-linux-x86_64-fedora-clang, r-devel-linux-x86_64-fedora-gcc, r-devel-windows-x86_64, r-patched-linux-x86_64, r-release-linux-x86_64, r-release-macos-arm64, r-release-windows-x86_64, r-oldrel-macos-arm64, r-oldrel-macos-x86_64, r-oldrel-windows-x86_64
Version: 1.0-1
Check: Rd cross-references
Result: NOTE
Undeclared packages ‘wpp2010’, ‘wpp2012’ in Rd xrefs
Flavor: r-devel-linux-x86_64-fedora-clang