CRAN Package Check Results for Package wql

Last updated on 2024-02-21 00:54:45 CET.

Flavor Version Tinstall Tcheck Ttotal Status Flags
r-devel-linux-x86_64-debian-clang 1.0.0 NOTE
r-devel-linux-x86_64-debian-gcc 1.0.0 6.91 91.13 98.04 NOTE
r-devel-linux-x86_64-fedora-clang 1.0.0 156.46 OK
r-devel-linux-x86_64-fedora-gcc 1.0.0 166.06 OK
r-devel-windows-x86_64 1.0.0 9.00 113.00 122.00 OK
r-patched-linux-x86_64 1.0.0 10.58 116.47 127.05 OK
r-release-linux-x86_64 1.0.0 6.70 116.64 123.34 OK
r-release-macos-arm64 1.0.0 56.00 OK
r-release-macos-x86_64 1.0.0 89.00 OK
r-release-windows-x86_64 1.0.0 12.00 134.00 146.00 OK
r-oldrel-macos-arm64 1.0.0 52.00 OK
r-oldrel-windows-x86_64 1.0.0 12.00 129.00 141.00 OK

Check Details

Version: 1.0.0
Check: Rd files
Result: NOTE checkRd: (-1) wql-package.Rd:7: Lost braces 7 | \title{c("\\Sexpr[results=rd,stage=build]{tools:::Rd_package_title(\"#1\")}", | ^ checkRd: (-1) wql-package.Rd:10: Lost braces 10 | c("\\Sexpr[results=rd,stage=build]{tools:::Rd_package_description(\"#1\")}", | ^ checkRd: (-1) wql-package.Rd:61: Lost braces 61 | c("\\Sexpr[results=rd,stage=build]{tools:::Rd_package_author(\"#1\")}", | ^ checkRd: (-1) wql-package.Rd:65: Lost braces 65 | c("\\Sexpr[results=rd,stage=build]{tools:::Rd_package_maintainer(\"#1\")}", | ^ Flavors: r-devel-linux-x86_64-debian-clang, r-devel-linux-x86_64-debian-gcc