CRAN Package Check Results for Package wsrf

Last updated on 2024-02-29 15:54:03 CET.

Flavor Version Tinstall Tcheck Ttotal Status Flags
r-devel-linux-x86_64-debian-clang 1.7.30 90.48 39.30 129.78 NOTE
r-devel-linux-x86_64-debian-gcc 1.7.30 72.04 29.52 101.56 NOTE
r-devel-linux-x86_64-fedora-clang 1.7.30 203.12 NOTE
r-devel-linux-x86_64-fedora-gcc 1.7.30 202.72 NOTE
r-devel-windows-x86_64 1.7.30 67.00 80.00 147.00 NOTE
r-patched-linux-x86_64 1.7.30 92.72 37.50 130.22 NOTE
r-release-linux-x86_64 1.7.30 92.27 37.70 129.97 NOTE
r-release-macos-arm64 1.7.30 55.00 NOTE
r-release-macos-x86_64 1.7.30 93.00 NOTE
r-release-windows-x86_64 1.7.30 67.00 90.00 157.00 NOTE
r-oldrel-macos-arm64 1.7.30 49.00 OK
r-oldrel-windows-x86_64 1.7.30 92.00 82.00 174.00 OK

Check Details

Version: 1.7.30
Check: C++ specification
Result: NOTE Specified C++11: please drop specification unless essential Flavors: r-devel-linux-x86_64-debian-clang, r-devel-linux-x86_64-debian-gcc, r-devel-linux-x86_64-fedora-clang, r-devel-linux-x86_64-fedora-gcc, r-devel-windows-x86_64, r-patched-linux-x86_64, r-release-linux-x86_64, r-release-macos-arm64, r-release-macos-x86_64, r-release-windows-x86_64