CRAN Package Check Results for Package wyz.code.offensiveProgramming

Last updated on 2024-02-27 16:49:33 CET.

Flavor Version Tinstall Tcheck Ttotal Status Flags
r-devel-linux-x86_64-debian-clang 1.1.24 7.50 87.13 94.63 OK
r-devel-linux-x86_64-debian-gcc 1.1.24 6.18 65.04 71.22 OK
r-devel-linux-x86_64-fedora-clang 1.1.24 116.18 OK
r-devel-linux-x86_64-fedora-gcc 1.1.24 146.35 OK
r-devel-windows-x86_64 1.1.24 8.00 95.00 103.00 OK
r-patched-linux-x86_64 1.1.24 8.52 83.44 91.96 OK
r-release-linux-x86_64 1.1.24 5.04 82.00 87.04 OK
r-release-macos-arm64 1.1.24 55.00 OK
r-release-macos-x86_64 1.1.24 108.00 OK
r-release-windows-x86_64 1.1.24 11.00 109.00 120.00 OK
r-oldrel-macos-arm64 1.1.24 56.00 OK
r-oldrel-windows-x86_64 1.1.24 12.00 113.00 125.00 NOTE

Check Details

Version: 1.1.24
Check: HTML version of manual
Result: NOTE Found the following problems: retrieveFunctionReturnTypes.Rd:48:38: Warning: nested emphasis <code> retrieveFunctionReturnTypes.Rd:52:38: Warning: nested emphasis <code> retrieveFunctionReturnTypes.Rd:56:38: Warning: nested emphasis <code> retrieveTestCaseDefinitions.Rd:52:38: Warning: nested emphasis <code> retrieveTestCaseDefinitions.Rd:56:38: Warning: nested emphasis <code> retrieveTestCaseDefinitions.Rd:61:38: Warning: nested emphasis <code> Flavor: r-oldrel-windows-x86_64