CRAN Package Check Results for Package x.ent

Last updated on 2024-02-22 16:49:32 CET.

Flavor Version Tinstall Tcheck Ttotal Status Flags
r-devel-linux-x86_64-debian-clang 1.1.7 NOTE
r-devel-linux-x86_64-debian-gcc 1.1.7 5.11 39.11 44.22 NOTE
r-devel-linux-x86_64-fedora-clang 1.1.7 73.51 OK
r-devel-linux-x86_64-fedora-gcc 1.1.7 68.23 OK
r-devel-windows-x86_64 1.1.7 8.00 58.00 66.00 OK
r-patched-linux-x86_64 1.1.7 12.33 50.54 62.87 OK
r-release-linux-x86_64 1.1.7 6.32 50.19 56.51 OK
r-release-macos-arm64 1.1.7 25.00 OK
r-release-macos-x86_64 1.1.7 35.00 OK
r-release-windows-x86_64 1.1.7 10.00 64.00 74.00 OK
r-oldrel-macos-arm64 1.1.7 25.00 OK
r-oldrel-windows-x86_64 1.1.7 10.00 70.00 80.00 OK

Check Details

Version: 1.1.7
Check: Rd files
Result: NOTE checkRd: (-1) xshow.Rd:19: Lost braces in \enumerate; meant \describe ? checkRd: (-1) xshow.Rd:20: Lost braces in \enumerate; meant \describe ? Flavors: r-devel-linux-x86_64-debian-clang, r-devel-linux-x86_64-debian-gcc