CRAN Package Check Results for Package xgb2sql

Last updated on 2024-02-22 16:49:32 CET.

Flavor Version Tinstall Tcheck Ttotal Status Flags
r-devel-linux-x86_64-debian-clang 0.1.2 NOTE
r-devel-linux-x86_64-debian-gcc 0.1.2 2.25 32.35 34.60 NOTE
r-devel-linux-x86_64-fedora-clang 0.1.2 58.21 NOTE
r-devel-linux-x86_64-fedora-gcc 0.1.2 65.71 NOTE
r-devel-windows-x86_64 0.1.2 3.00 54.00 57.00 NOTE
r-patched-linux-x86_64 0.1.2 3.26 41.35 44.61 NOTE
r-release-linux-x86_64 0.1.2 2.33 40.67 43.00 NOTE
r-release-macos-arm64 0.1.2 30.00 NOTE
r-release-macos-x86_64 0.1.2 45.00 NOTE
r-release-windows-x86_64 0.1.2 5.00 56.00 61.00 NOTE
r-oldrel-macos-arm64 0.1.2 25.00 NOTE
r-oldrel-windows-x86_64 0.1.2 4.00 61.00 65.00 NOTE

Check Details

Version: 0.1.2
Check: LazyData
Result: NOTE 'LazyData' is specified without a 'data' directory Flavors: r-devel-linux-x86_64-debian-clang, r-devel-linux-x86_64-debian-gcc, r-devel-linux-x86_64-fedora-clang, r-devel-linux-x86_64-fedora-gcc, r-devel-windows-x86_64, r-patched-linux-x86_64, r-release-linux-x86_64, r-release-macos-arm64, r-release-macos-x86_64, r-release-windows-x86_64, r-oldrel-macos-arm64, r-oldrel-windows-x86_64

Version: 0.1.2
Check: for non-standard things in the check directory
Result: NOTE Found the following files/directories: ‘xgb.txt’ Flavors: r-devel-linux-x86_64-debian-clang, r-devel-linux-x86_64-debian-gcc, r-devel-linux-x86_64-fedora-clang, r-devel-linux-x86_64-fedora-gcc, r-patched-linux-x86_64, r-release-linux-x86_64