Last updated on 2023-11-29 16:52:08 CET.
Flavor | Version | Tinstall | Tcheck | Ttotal | Status | Flags |
---|---|---|---|---|---|---|
r-devel-linux-x86_64-debian-clang | 1.7.5.1 | 650.83 | 346.72 | 997.55 | WARN | |
r-devel-linux-x86_64-debian-gcc | 1.7.5.1 | 565.53 | 268.00 | 833.53 | NOTE | |
r-devel-linux-x86_64-fedora-clang | 1.7.5.1 | 1447.55 | WARN | |||
r-devel-linux-x86_64-fedora-gcc | 1.7.5.1 | 1376.29 | NOTE | |||
r-devel-windows-x86_64 | 1.7.5.1 | 525.00 | 280.00 | 805.00 | NOTE | |
r-patched-linux-x86_64 | 1.7.5.1 | 649.50 | 314.71 | 964.21 | NOTE | |
r-release-linux-x86_64 | 1.7.5.1 | 669.74 | 322.40 | 992.14 | NOTE | |
r-release-macos-arm64 | 1.7.5.1 | 381.00 | NOTE | |||
r-release-macos-x86_64 | 1.7.5.1 | 633.00 | NOTE | |||
r-release-windows-x86_64 | 1.7.5.1 | 677.00 | 374.00 | 1051.00 | NOTE | |
r-oldrel-macos-arm64 | 1.7.5.1 | 333.00 | NOTE | |||
r-oldrel-macos-x86_64 | 1.7.5.1 | 391.00 | NOTE | |||
r-oldrel-windows-x86_64 | 1.7.5.1 | 633.00 | 336.00 | 969.00 | NOTE |
Version: 1.7.5.1
Check: whether package can be installed
Result: WARN
Found the following significant warnings:
xgboost_R.cc:70:3: warning: format string is not a string literal (potentially insecure) [-Wformat-security]
xgboost_R.cc:72:3: warning: format string is not a string literal (potentially insecure) [-Wformat-security]
xgboost_R.cc:77:3: warning: format string is not a string literal (potentially insecure) [-Wformat-security]
xgboost_R.cc:78:3: warning: format string is not a string literal (potentially insecure) [-Wformat-security]
xgboost_R.cc:85:3: warning: format string is not a string literal (potentially insecure) [-Wformat-security]
xgboost_R.cc:86:3: warning: format string is not a string literal (potentially insecure) [-Wformat-security]
xgboost_R.cc:94:3: warning: format string is not a string literal (potentially insecure) [-Wformat-security]
xgboost_R.cc:97:3: warning: format string is not a string literal (potentially insecure) [-Wformat-security]
xgboost_R.cc:125:3: warning: format string is not a string literal (potentially insecure) [-Wformat-security]
xgboost_R.cc:129:3: warning: format string is not a string literal (potentially insecure) [-Wformat-security]
xgboost_R.cc:157:3: warning: format string is not a string literal (potentially insecure) [-Wformat-security]
xgboost_R.cc:162:3: warning: format string is not a string literal (potentially insecure) [-Wformat-security]
xgboost_R.cc:190:3: warning: format string is not a string literal (potentially insecure) [-Wformat-security]
xgboost_R.cc:195:3: warning: format string is not a string literal (potentially insecure) [-Wformat-security]
xgboost_R.cc:209:3: warning: format string is not a string literal (potentially insecure) [-Wformat-security]
xgboost_R.cc:215:3: warning: format string is not a string literal (potentially insecure) [-Wformat-security]
xgboost_R.cc:222:3: warning: format string is not a string literal (potentially insecure) [-Wformat-security]
xgboost_R.cc:225:3: warning: format string is not a string literal (potentially insecure) [-Wformat-security]
xgboost_R.cc:239:5: warning: format string is not a string literal (potentially insecure) [-Wformat-security]
xgboost_R.cc:245:5: warning: format string is not a string literal (potentially insecure) [-Wformat-security]
xgboost_R.cc:248:3: warning: format string is not a string literal (potentially insecure) [-Wformat-security]
xgboost_R.cc:267:3: warning: format string is not a string literal (potentially insecure) [-Wformat-security]
xgboost_R.cc:268:3: warning: format string is not a string literal (potentially insecure) [-Wformat-security]
xgboost_R.cc:288:3: warning: format string is not a string literal (potentially insecure) [-Wformat-security]
xgboost_R.cc:298:3: warning: format string is not a string literal (potentially insecure) [-Wformat-security]
xgboost_R.cc:303:3: warning: format string is not a string literal (potentially insecure) [-Wformat-security]
xgboost_R.cc:311:3: warning: format string is not a string literal (potentially insecure) [-Wformat-security]
xgboost_R.cc:312:3: warning: format string is not a string literal (potentially insecure) [-Wformat-security]
xgboost_R.cc:319:3: warning: format string is not a string literal (potentially insecure) [-Wformat-security]
xgboost_R.cc:320:3: warning: format string is not a string literal (potentially insecure) [-Wformat-security]
xgboost_R.cc:327:3: warning: format string is not a string literal (potentially insecure) [-Wformat-security]
xgboost_R.cc:340:3: warning: format string is not a string literal (potentially insecure) [-Wformat-security]
xgboost_R.cc:343:3: warning: format string is not a string literal (potentially insecure) [-Wformat-security]
xgboost_R.cc:356:3: warning: format string is not a string literal (potentially insecure) [-Wformat-security]
xgboost_R.cc:359:3: warning: format string is not a string literal (potentially insecure) [-Wformat-security]
xgboost_R.cc:365:3: warning: format string is not a string literal (potentially insecure) [-Wformat-security]
xgboost_R.cc:368:3: warning: format string is not a string literal (potentially insecure) [-Wformat-security]
xgboost_R.cc:374:3: warning: format string is not a string literal (potentially insecure) [-Wformat-security]
xgboost_R.cc:377:3: warning: format string is not a string literal (potentially insecure) [-Wformat-security]
xgboost_R.cc:392:3: warning: format string is not a string literal (potentially insecure) [-Wformat-security]
xgboost_R.cc:396:3: warning: format string is not a string literal (potentially insecure) [-Wformat-security]
xgboost_R.cc:416:3: warning: format string is not a string literal (potentially insecure) [-Wformat-security]
xgboost_R.cc:421:3: warning: format string is not a string literal (potentially insecure) [-Wformat-security]
xgboost_R.cc:431:3: warning: format string is not a string literal (potentially insecure) [-Wformat-security]
xgboost_R.cc:441:3: warning: format string is not a string literal (potentially insecure) [-Wformat-security]
xgboost_R.cc:457:3: warning: format string is not a string literal (potentially insecure) [-Wformat-security]
xgboost_R.cc:478:3: warning: format string is not a string literal (potentially insecure) [-Wformat-security]
xgboost_R.cc:486:3: warning: format string is not a string literal (potentially insecure) [-Wformat-security]
xgboost_R.cc:487:3: warning: format string is not a string literal (potentially insecure) [-Wformat-security]
xgboost_R.cc:493:3: warning: format string is not a string literal (potentially insecure) [-Wformat-security]
xgboost_R.cc:494:3: warning: format string is not a string literal (potentially insecure) [-Wformat-security]
xgboost_R.cc:500:3: warning: format string is not a string literal (potentially insecure) [-Wformat-security]
xgboost_R.cc:503:3: warning: format string is not a string literal (potentially insecure) [-Wformat-security]
xgboost_R.cc:513:3: warning: format string is not a string literal (potentially insecure) [-Wformat-security]
xgboost_R.cc:518:3: warning: format string is not a string literal (potentially insecure) [-Wformat-security]
xgboost_R.cc:527:3: warning: format string is not a string literal (potentially insecure) [-Wformat-security]
xgboost_R.cc:530:3: warning: format string is not a string literal (potentially insecure) [-Wformat-security]
xgboost_R.cc:536:3: warning: format string is not a string literal (potentially insecure) [-Wformat-security]
xgboost_R.cc:537:3: warning: format string is not a string literal (potentially insecure) [-Wformat-security]
xgboost_R.cc:546:3: warning: format string is not a string literal (potentially insecure) [-Wformat-security]
xgboost_R.cc:551:3: warning: format string is not a string literal (potentially insecure) [-Wformat-security]
xgboost_R.cc:558:3: warning: format string is not a string literal (potentially insecure) [-Wformat-security]
xgboost_R.cc:561:3: warning: format string is not a string literal (potentially insecure) [-Wformat-security]
xgboost_R.cc:571:3: warning: format string is not a string literal (potentially insecure) [-Wformat-security]
xgboost_R.cc:597:3: warning: format string is not a string literal (potentially insecure) [-Wformat-security]
xgboost_R.cc:607:3: warning: format string is not a string literal (potentially insecure) [-Wformat-security]
xgboost_R.cc:617:3: warning: format string is not a string literal (potentially insecure) [-Wformat-security]
xgboost_R.cc:625:3: warning: format string is not a string literal (potentially insecure) [-Wformat-security]
xgboost_R.cc:627:3: warning: format string is not a string literal (potentially insecure) [-Wformat-security]
xgboost_R.cc:636:3: warning: format string is not a string literal (potentially insecure) [-Wformat-security]
xgboost_R.cc:646:3: warning: format string is not a string literal (potentially insecure) [-Wformat-security]
xgboost_R.cc:666:3: warning: format string is not a string literal (potentially insecure) [-Wformat-security]
xgboost_R.cc:692:3: warning: format string is not a string literal (potentially insecure) [-Wformat-security]
See ‘/home/hornik/tmp/R.check/r-devel-clang/Work/PKGS/xgboost.Rcheck/00install.out’ for details.
* used C compiler: ‘Debian clang version 17.0.5 (1)’
* used C++ compiler: ‘Debian clang version 17.0.5 (1)’
Flavor: r-devel-linux-x86_64-debian-clang
Version: 1.7.5.1
Check: for GNU extensions in Makefiles
Result: NOTE
GNU make is a SystemRequirements.
Flavors: r-devel-linux-x86_64-debian-clang, r-devel-linux-x86_64-debian-gcc, r-devel-linux-x86_64-fedora-clang, r-devel-linux-x86_64-fedora-gcc, r-devel-windows-x86_64, r-patched-linux-x86_64, r-release-linux-x86_64, r-release-macos-arm64, r-release-macos-x86_64, r-release-windows-x86_64, r-oldrel-macos-arm64, r-oldrel-macos-x86_64, r-oldrel-windows-x86_64
Version: 1.7.5.1
Check: whether package can be installed
Result: WARN
Found the following significant warnings:
xgboost_R.cc:70:3: warning: format string is not a string literal (potentially insecure) [-Wformat-security]
xgboost_R.cc:72:3: warning: format string is not a string literal (potentially insecure) [-Wformat-security]
xgboost_R.cc:77:3: warning: format string is not a string literal (potentially insecure) [-Wformat-security]
xgboost_R.cc:78:3: warning: format string is not a string literal (potentially insecure) [-Wformat-security]
xgboost_R.cc:85:3: warning: format string is not a string literal (potentially insecure) [-Wformat-security]
xgboost_R.cc:86:3: warning: format string is not a string literal (potentially insecure) [-Wformat-security]
xgboost_R.cc:94:3: warning: format string is not a string literal (potentially insecure) [-Wformat-security]
xgboost_R.cc:97:3: warning: format string is not a string literal (potentially insecure) [-Wformat-security]
xgboost_R.cc:125:3: warning: format string is not a string literal (potentially insecure) [-Wformat-security]
xgboost_R.cc:129:3: warning: format string is not a string literal (potentially insecure) [-Wformat-security]
xgboost_R.cc:157:3: warning: format string is not a string literal (potentially insecure) [-Wformat-security]
xgboost_R.cc:162:3: warning: format string is not a string literal (potentially insecure) [-Wformat-security]
xgboost_R.cc:190:3: warning: format string is not a string literal (potentially insecure) [-Wformat-security]
xgboost_R.cc:195:3: warning: format string is not a string literal (potentially insecure) [-Wformat-security]
xgboost_R.cc:209:3: warning: format string is not a string literal (potentially insecure) [-Wformat-security]
xgboost_R.cc:215:3: warning: format string is not a string literal (potentially insecure) [-Wformat-security]
xgboost_R.cc:222:3: warning: format string is not a string literal (potentially insecure) [-Wformat-security]
xgboost_R.cc:225:3: warning: format string is not a string literal (potentially insecure) [-Wformat-security]
xgboost_R.cc:239:5: warning: format string is not a string literal (potentially insecure) [-Wformat-security]
xgboost_R.cc:245:5: warning: format string is not a string literal (potentially insecure) [-Wformat-security]
xgboost_R.cc:248:3: warning: format string is not a string literal (potentially insecure) [-Wformat-security]
xgboost_R.cc:267:3: warning: format string is not a string literal (potentially insecure) [-Wformat-security]
xgboost_R.cc:268:3: warning: format string is not a string literal (potentially insecure) [-Wformat-security]
xgboost_R.cc:288:3: warning: format string is not a string literal (potentially insecure) [-Wformat-security]
xgboost_R.cc:298:3: warning: format string is not a string literal (potentially insecure) [-Wformat-security]
xgboost_R.cc:303:3: warning: format string is not a string literal (potentially insecure) [-Wformat-security]
xgboost_R.cc:311:3: warning: format string is not a string literal (potentially insecure) [-Wformat-security]
xgboost_R.cc:312:3: warning: format string is not a string literal (potentially insecure) [-Wformat-security]
xgboost_R.cc:319:3: warning: format string is not a string literal (potentially insecure) [-Wformat-security]
xgboost_R.cc:320:3: warning: format string is not a string literal (potentially insecure) [-Wformat-security]
xgboost_R.cc:327:3: warning: format string is not a string literal (potentially insecure) [-Wformat-security]
xgboost_R.cc:340:3: warning: format string is not a string literal (potentially insecure) [-Wformat-security]
xgboost_R.cc:343:3: warning: format string is not a string literal (potentially insecure) [-Wformat-security]
xgboost_R.cc:356:3: warning: format string is not a string literal (potentially insecure) [-Wformat-security]
xgboost_R.cc:359:3: warning: format string is not a string literal (potentially insecure) [-Wformat-security]
xgboost_R.cc:365:3: warning: format string is not a string literal (potentially insecure) [-Wformat-security]
xgboost_R.cc:368:3: warning: format string is not a string literal (potentially insecure) [-Wformat-security]
xgboost_R.cc:374:3: warning: format string is not a string literal (potentially insecure) [-Wformat-security]
xgboost_R.cc:377:3: warning: format string is not a string literal (potentially insecure) [-Wformat-security]
xgboost_R.cc:392:3: warning: format string is not a string literal (potentially insecure) [-Wformat-security]
xgboost_R.cc:396:3: warning: format string is not a string literal (potentially insecure) [-Wformat-security]
xgboost_R.cc:416:3: warning: format string is not a string literal (potentially insecure) [-Wformat-security]
xgboost_R.cc:421:3: warning: format string is not a string literal (potentially insecure) [-Wformat-security]
xgboost_R.cc:431:3: warning: format string is not a string literal (potentially insecure) [-Wformat-security]
xgboost_R.cc:441:3: warning: format string is not a string literal (potentially insecure) [-Wformat-security]
xgboost_R.cc:457:3: warning: format string is not a string literal (potentially insecure) [-Wformat-security]
xgboost_R.cc:478:3: warning: format string is not a string literal (potentially insecure) [-Wformat-security]
xgboost_R.cc:486:3: warning: format string is not a string literal (potentially insecure) [-Wformat-security]
xgboost_R.cc:487:3: warning: format string is not a string literal (potentially insecure) [-Wformat-security]
xgboost_R.cc:493:3: warning: format string is not a string literal (potentially insecure) [-Wformat-security]
xgboost_R.cc:494:3: warning: format string is not a string literal (potentially insecure) [-Wformat-security]
xgboost_R.cc:500:3: warning: format string is not a string literal (potentially insecure) [-Wformat-security]
xgboost_R.cc:503:3: warning: format string is not a string literal (potentially insecure) [-Wformat-security]
xgboost_R.cc:513:3: warning: format string is not a string literal (potentially insecure) [-Wformat-security]
xgboost_R.cc:518:3: warning: format string is not a string literal (potentially insecure) [-Wformat-security]
xgboost_R.cc:527:3: warning: format string is not a string literal (potentially insecure) [-Wformat-security]
xgboost_R.cc:530:3: warning: format string is not a string literal (potentially insecure) [-Wformat-security]
xgboost_R.cc:536:3: warning: format string is not a string literal (potentially insecure) [-Wformat-security]
xgboost_R.cc:537:3: warning: format string is not a string literal (potentially insecure) [-Wformat-security]
xgboost_R.cc:546:3: warning: format string is not a string literal (potentially insecure) [-Wformat-security]
xgboost_R.cc:551:3: warning: format string is not a string literal (potentially insecure) [-Wformat-security]
xgboost_R.cc:558:3: warning: format string is not a string literal (potentially insecure) [-Wformat-security]
xgboost_R.cc:561:3: warning: format string is not a string literal (potentially insecure) [-Wformat-security]
xgboost_R.cc:571:3: warning: format string is not a string literal (potentially insecure) [-Wformat-security]
xgboost_R.cc:597:3: warning: format string is not a string literal (potentially insecure) [-Wformat-security]
xgboost_R.cc:607:3: warning: format string is not a string literal (potentially insecure) [-Wformat-security]
xgboost_R.cc:617:3: warning: format string is not a string literal (potentially insecure) [-Wformat-security]
xgboost_R.cc:625:3: warning: format string is not a string literal (potentially insecure) [-Wformat-security]
xgboost_R.cc:627:3: warning: format string is not a string literal (potentially insecure) [-Wformat-security]
xgboost_R.cc:636:3: warning: format string is not a string literal (potentially insecure) [-Wformat-security]
xgboost_R.cc:646:3: warning: format string is not a string literal (potentially insecure) [-Wformat-security]
xgboost_R.cc:666:3: warning: format string is not a string literal (potentially insecure) [-Wformat-security]
xgboost_R.cc:692:3: warning: format string is not a string literal (potentially insecure) [-Wformat-security]
See ‘/data/gannet/ripley/R/packages/tests-clang/xgboost.Rcheck/00install.out’ for details.
* used C compiler: ‘clang version 17.0.5’
* used C++ compiler: ‘clang version 17.0.5’
Flavor: r-devel-linux-x86_64-fedora-clang
Version: 1.7.5.1
Check: installed package size
Result: NOTE
installed size is 5.8Mb
sub-directories of 1Mb or more:
libs 4.9Mb
Flavors: r-devel-linux-x86_64-fedora-clang, r-devel-windows-x86_64, r-release-macos-arm64, r-release-macos-x86_64, r-release-windows-x86_64, r-oldrel-macos-arm64, r-oldrel-macos-x86_64, r-oldrel-windows-x86_64