CRAN Package Check Results for Package xgxr

Last updated on 2024-02-26 16:56:41 CET.

Flavor Version Tinstall Tcheck Ttotal Status Flags
r-devel-linux-x86_64-debian-clang 1.1.2 16.80 258.07 274.87 OK
r-devel-linux-x86_64-debian-gcc 1.1.2 15.10 187.64 202.74 OK
r-devel-linux-x86_64-fedora-clang 1.1.2 334.84 NOTE
r-devel-linux-x86_64-fedora-gcc 1.1.2 332.70 OK
r-devel-windows-x86_64 1.1.2 18.00 205.00 223.00 OK
r-patched-linux-x86_64 1.1.2 12.05 253.96 266.01 OK
r-release-linux-x86_64 1.1.2 12.30 247.36 259.66 OK
r-release-macos-arm64 1.1.2 102.00 OK
r-release-macos-x86_64 1.1.2 167.00 OK
r-release-windows-x86_64 1.1.2 23.00 259.00 282.00 OK
r-oldrel-macos-arm64 1.1.2 89.00 OK
r-oldrel-windows-x86_64 1.1.2 22.00 255.00 277.00 OK

Check Details

Version: 1.1.2
Check: Rd cross-references
Result: NOTE Undeclared package ‘rlang’ in Rd xrefs Flavor: r-devel-linux-x86_64-fedora-clang