CRAN Package Check Results for Package xmlparsedata

Last updated on 2024-02-26 00:51:03 CET.

Flavor Version Tinstall Tcheck Ttotal Status Flags
r-devel-linux-x86_64-debian-clang 1.0.5 1.59 22.76 24.35 NOTE
r-devel-linux-x86_64-debian-gcc 1.0.5 1.45 17.95 19.40 NOTE
r-devel-linux-x86_64-fedora-clang 1.0.5 31.53 NOTE
r-devel-linux-x86_64-fedora-gcc 1.0.5 29.31 NOTE
r-devel-windows-x86_64 1.0.5 4.00 39.00 43.00 NOTE
r-patched-linux-x86_64 1.0.5 1.57 22.64 24.21 NOTE
r-release-linux-x86_64 1.0.5 1.59 22.62 24.21 NOTE
r-release-macos-arm64 1.0.5 20.00 NOTE
r-release-macos-x86_64 1.0.5 19.00 NOTE
r-release-windows-x86_64 1.0.5 2.00 40.00 42.00 NOTE
r-oldrel-macos-arm64 1.0.5 16.00 NOTE
r-oldrel-windows-x86_64 1.0.5 4.00 44.00 48.00 NOTE

Check Details

Version: 1.0.5
Check: LazyData
Result: NOTE 'LazyData' is specified without a 'data' directory Flavors: r-devel-linux-x86_64-debian-clang, r-devel-linux-x86_64-debian-gcc, r-devel-linux-x86_64-fedora-clang, r-devel-linux-x86_64-fedora-gcc, r-devel-windows-x86_64, r-patched-linux-x86_64, r-release-linux-x86_64, r-release-macos-arm64, r-release-macos-x86_64, r-release-windows-x86_64, r-oldrel-macos-arm64, r-oldrel-windows-x86_64