CRAN Package Check Results for Package xpose.nlmixr2

Last updated on 2024-02-25 01:01:21 CET.

Flavor Version Tinstall Tcheck Ttotal Status Flags
r-devel-linux-x86_64-debian-clang 0.4.0 10.31 88.29 98.60 OK
r-devel-linux-x86_64-debian-gcc 0.4.0 8.92 65.96 74.88 OK
r-devel-linux-x86_64-fedora-clang 0.4.0 110.65 OK
r-devel-linux-x86_64-fedora-gcc 0.4.0 109.10 OK
r-devel-windows-x86_64 0.4.0 10.00 80.00 90.00 OK
r-patched-linux-x86_64 0.4.0 7.63 83.45 91.08 OK
r-release-linux-x86_64 0.4.0 6.77 80.96 87.73 OK
r-release-macos-arm64 0.4.0 39.00 OK
r-release-macos-x86_64 0.4.0 62.00 NOTE
r-release-windows-x86_64 0.4.0 14.00 93.00 107.00 OK
r-oldrel-macos-arm64 0.4.0 39.00 OK
r-oldrel-windows-x86_64 0.4.0 14.00 99.00 113.00 OK

Check Details

Version: 0.4.0
Check: package dependencies
Result: NOTE Package suggested but not available for checking: ‘nlmixr2’ Flavor: r-release-macos-x86_64