Last updated on 2023-11-30 16:49:42 CET.
Flavor | Version | Tinstall | Tcheck | Ttotal | Status | Flags |
---|---|---|---|---|---|---|
r-devel-linux-x86_64-debian-clang | 1.8-4 | 2.73 | 65.02 | 67.75 | NOTE | |
r-devel-linux-x86_64-debian-gcc | 1.8-4 | 2.23 | 49.97 | 52.20 | NOTE | |
r-devel-linux-x86_64-fedora-clang | 1.8-4 | 88.42 | NOTE | |||
r-devel-linux-x86_64-fedora-gcc | 1.8-4 | 95.37 | NOTE | |||
r-devel-windows-x86_64 | 1.8-4 | 5.00 | 112.00 | 117.00 | OK | |
r-patched-linux-x86_64 | 1.8-4 | 4.06 | 62.81 | 66.87 | NOTE | |
r-release-linux-x86_64 | 1.8-4 | 3.38 | 62.77 | 66.15 | NOTE | |
r-release-macos-arm64 | 1.8-4 | 57.00 | OK | |||
r-release-macos-x86_64 | 1.8-4 | 61.00 | OK | |||
r-release-windows-x86_64 | 1.8-4 | 5.00 | 114.00 | 119.00 | OK | |
r-oldrel-macos-arm64 | 1.8-4 | 46.00 | OK | |||
r-oldrel-macos-x86_64 | 1.8-4 | 61.00 | OK | |||
r-oldrel-windows-x86_64 | 1.8-4 | 6.00 | 116.00 | 122.00 | OK |
Version: 1.8-4
Check: for non-standard things in the check directory
Result: NOTE
Found the following files/directories:
‘xtable.html’ ‘xtable.tex’
Flavors: r-devel-linux-x86_64-debian-clang, r-devel-linux-x86_64-debian-gcc, r-devel-linux-x86_64-fedora-clang, r-devel-linux-x86_64-fedora-gcc, r-patched-linux-x86_64, r-release-linux-x86_64