Last updated on 2023-12-03 16:52:03 CET.
Flavor | Version | Tinstall | Tcheck | Ttotal | Status | Flags |
---|---|---|---|---|---|---|
r-devel-linux-x86_64-debian-clang | 0.13.1 | 20.65 | 96.66 | 117.31 | NOTE | |
r-devel-linux-x86_64-debian-gcc | 0.13.1 | 16.34 | 75.65 | 91.99 | NOTE | |
r-devel-linux-x86_64-fedora-clang | 0.13.1 | 145.26 | OK | |||
r-devel-linux-x86_64-fedora-gcc | 0.13.1 | 152.81 | OK | |||
r-devel-windows-x86_64 | 0.13.1 | 26.00 | 135.00 | 161.00 | OK | |
r-patched-linux-x86_64 | 0.13.1 | 23.45 | 95.06 | 118.51 | OK | |
r-release-linux-x86_64 | 0.13.1 | 18.11 | 94.21 | 112.32 | OK | |
r-release-macos-arm64 | 0.13.1 | 75.00 | OK | |||
r-release-macos-x86_64 | 0.13.1 | 113.00 | OK | |||
r-release-windows-x86_64 | 0.13.1 | 31.00 | 141.00 | 172.00 | OK | |
r-oldrel-macos-arm64 | 0.13.1 | 51.00 | OK | |||
r-oldrel-macos-x86_64 | 0.13.1 | 61.00 | OK | |||
r-oldrel-windows-x86_64 | 0.13.1 | 30.00 | 132.00 | 162.00 | OK |
Version: 0.13.1
Check: Rd files
Result: NOTE
checkRd: (-1) xts.Rd:39: Lost braces
39 | \item{tclass}{ time class to use for the index. See code{\link{tclass}}. }
| ^
Flavors: r-devel-linux-x86_64-debian-clang, r-devel-linux-x86_64-debian-gcc