CRAN Package Check Results for Package yardstick

Last updated on 2024-02-25 01:01:21 CET.

Flavor Version Tinstall Tcheck Ttotal Status Flags
r-devel-linux-x86_64-debian-clang 1.3.0 15.01 229.63 244.64 OK
r-devel-linux-x86_64-debian-gcc 1.3.0 10.81 175.82 186.63 OK
r-devel-linux-x86_64-fedora-clang 1.3.0 327.96 NOTE
r-devel-linux-x86_64-fedora-gcc 1.3.0 336.50 OK
r-devel-windows-x86_64 1.3.0 14.00 207.00 221.00 OK
r-patched-linux-x86_64 1.3.0 19.35 223.41 242.76 OK
r-release-linux-x86_64 1.3.0 14.24 223.43 237.67 OK
r-release-macos-arm64 1.3.0 89.00 OK
r-release-macos-x86_64 1.3.0 190.00 OK
r-release-windows-x86_64 1.3.0 19.00 264.00 283.00 OK
r-oldrel-macos-arm64 1.3.0 87.00 OK
r-oldrel-windows-x86_64 1.3.0 18.00 254.00 272.00 OK

Check Details

Version: 1.3.0
Check: Rd cross-references
Result: NOTE Undeclared package ‘parsnip’ in Rd xrefs Flavor: r-devel-linux-x86_64-fedora-clang